{"id":9317,"date":"2015-08-27T09:47:17","date_gmt":"2015-08-27T08:47:17","guid":{"rendered":"http:\/\/www.endless-hills.de\/?page_id=9317"},"modified":"2015-11-25T15:17:21","modified_gmt":"2015-11-25T14:17:21","slug":"m-wurf","status":"publish","type":"page","link":"https:\/\/www.endless-hills.de\/?page_id=9317","title":{"rendered":"M-Wurf"},"content":{"rendered":"<p>&nbsp;<\/p>\n<h3 style=\"text-align: center;\">Unsere Diamanten sind hier: 26.08.2015<\/h3>\n<p style=\"text-align: center;\">Es sind 3\/1 blue merle und 1\/0 tricolour Welpen<\/p>\n<div id=\"attachment_9389\" style=\"width: 710px\" class=\"wp-caption aligncenter\"><img loading=\"lazy\" decoding=\"async\" aria-describedby=\"caption-attachment-9389\" class=\"wp-image-9389\" src=\"http:\/\/www.endless-hills.de\/wp-content\/uploads\/2014\/05\/11989396_909693469120561_700985781_o-1024x525.jpg\" alt=\"Die Eltern\" width=\"700\" height=\"359\" srcset=\"https:\/\/www.endless-hills.de\/wp-content\/uploads\/2014\/05\/11989396_909693469120561_700985781_o.jpg 1024w, https:\/\/www.endless-hills.de\/wp-content\/uploads\/2014\/05\/11989396_909693469120561_700985781_o-300x154.jpg 300w\" sizes=\"auto, (max-width: 700px) 100vw, 700px\" \/><p id=\"caption-attachment-9389\" class=\"wp-caption-text\">Die Eltern<\/p><\/div>\n<p style=\"text-align: center;\"><span style=\"text-decoration: underline;\"><strong>Verpaarung:<\/strong><\/span><\/p>\n<p style=\"text-align: center;\">Pure Black Magic von der Ischlerbahn (Magic)<\/p>\n<p style=\"text-align: center;\"><span style=\"color: #ff0000;\">HD -A1, CEA N\/N gen. normal, MDR1 +\/+, DM N\/N gen. normal,<\/span><\/p>\n<p style=\"text-align: center;\">korrektes vollzahniges Scherengebi\u00df, nat\u00fcrliche Kippohren, 58 cm<\/p>\n<p style=\"text-align: center;\">x<\/p>\n<p style=\"text-align: center;\">Bonnie Blue Finestra (Fay)<\/p>\n<p style=\"text-align: center;\"><span style=\"color: #ff0000;\">CEA\/PRA\/KAT frei klinische Untersuchung<\/span><\/p>\n<p style=\"text-align: center;\"><span style=\"color: #ff0000;\">HD &#8211; A1, CEA N\/n gen. Carrier, DM N\/N gen. normal, PRA N\/N gen. normal<\/span><\/p>\n<p style=\"text-align: center;\">korrektes vollzahniges Scherengebi\u00df, nat\u00fcrliche Kippohren,55 cm, K\u00f6rklasse I<\/p>\n<p style=\"text-align: center;\">Wesenstest selbstverst\u00e4ndlich mit Bravur bestanden<\/p>\n<p style=\"text-align: center;\">3\/1 blue merle und 1\/0 tricolour Welpen<\/p>\n<p style=\"text-align: center;\"><a href=\"http:\/\/www.collie-online.com\/pedigree\/01-fc-pedigree-finder_virtualist_2.php?nom=&amp;parent1=Pure%20Black%20Magic%20von%20der%20Ischlerbahn&amp;pid=54752&amp;classe=coloron\">PEDIGREE<\/a><\/p>\n","protected":false},"excerpt":{"rendered":"<p>&nbsp; Unsere Diamanten sind hier: 26.08.2015 Es sind 3\/1 blue merle und 1\/0 tricolour Welpen Verpaarung: Pure Black Magic von der Ischlerbahn (Magic) HD -A1, CEA N\/N gen. normal, MDR1 +\/+, DM N\/N gen. normal, korrektes vollzahniges Scherengebi\u00df, nat\u00fcrliche Kippohren, 58 cm x Bonnie Blue Finestra (Fay) CEA\/PRA\/KAT frei klinische Untersuchung HD &#8211; A1, CEA [&hellip;]<\/p>\n","protected":false},"author":3,"featured_media":0,"parent":1539,"menu_order":13,"comment_status":"closed","ping_status":"closed","template":"","meta":{"ngg_post_thumbnail":0,"footnotes":""},"class_list":["post-9317","page","type-page","status-publish","hentry"],"_links":{"self":[{"href":"https:\/\/www.endless-hills.de\/index.php?rest_route=\/wp\/v2\/pages\/9317","targetHints":{"allow":["GET"]}}],"collection":[{"href":"https:\/\/www.endless-hills.de\/index.php?rest_route=\/wp\/v2\/pages"}],"about":[{"href":"https:\/\/www.endless-hills.de\/index.php?rest_route=\/wp\/v2\/types\/page"}],"author":[{"embeddable":true,"href":"https:\/\/www.endless-hills.de\/index.php?rest_route=\/wp\/v2\/users\/3"}],"replies":[{"embeddable":true,"href":"https:\/\/www.endless-hills.de\/index.php?rest_route=%2Fwp%2Fv2%2Fcomments&post=9317"}],"version-history":[{"count":6,"href":"https:\/\/www.endless-hills.de\/index.php?rest_route=\/wp\/v2\/pages\/9317\/revisions"}],"predecessor-version":[{"id":11598,"href":"https:\/\/www.endless-hills.de\/index.php?rest_route=\/wp\/v2\/pages\/9317\/revisions\/11598"}],"up":[{"embeddable":true,"href":"https:\/\/www.endless-hills.de\/index.php?rest_route=\/wp\/v2\/pages\/1539"}],"wp:attachment":[{"href":"https:\/\/www.endless-hills.de\/index.php?rest_route=%2Fwp%2Fv2%2Fmedia&parent=9317"}],"curies":[{"name":"wp","href":"https:\/\/api.w.org\/{rel}","templated":true}]}}