{"id":9,"date":"2010-01-18T15:38:53","date_gmt":"2010-01-18T14:38:53","guid":{"rendered":"http:\/\/www.nicollies.de\/?page_id=9"},"modified":"2026-04-13T19:44:44","modified_gmt":"2026-04-13T18:44:44","slug":"welpen","status":"publish","type":"page","link":"https:\/\/www.endless-hills.de\/?page_id=9","title":{"rendered":"Wurfplanung"},"content":{"rendered":"\n<h2 class=\"wp-block-heading has-text-align-center has-vivid-cyan-blue-color has-text-color has-link-color wp-elements-7e31a7d18c0d5ca67685ff3ace8bbfda\">Wir haben Welpen<\/h2>\n\n\n\n<h3 class=\"wp-block-heading has-text-align-center has-vivid-red-color has-text-color has-link-color wp-elements-e39b03a49712705ba03c939b1240a1f4\"><strong>Aus der Verpaarung<\/strong><\/h3>\n\n\n\n<h3 class=\"wp-block-heading has-text-align-center\">Danno von den Schalksm\u00fchler H\u00f6hen X Show Elveras Grace<\/h3>\n\n\n\n<p class=\"has-text-align-center\">Zwei zauberhaft gechillte tricolour Sheltie R\u00fcden suchen noch ein Zuhause<\/p>\n\n\n<div class=\"wp-block-image\">\n<figure class=\"aligncenter is-resized\"><img loading=\"lazy\" decoding=\"async\" width=\"845\" height=\"1024\" src=\"https:\/\/www.endless-hills.de\/wp-content\/uploads\/2026\/04\/df18464d-6b51-41d4-9c2b-0eaea9efe765-845x1024.jpeg\" alt=\"\" class=\"wp-image-21395\" style=\"aspect-ratio:0.8251980106833671;width:300px;height:auto\" srcset=\"https:\/\/www.endless-hills.de\/wp-content\/uploads\/2026\/04\/df18464d-6b51-41d4-9c2b-0eaea9efe765-845x1024.jpeg 845w, https:\/\/www.endless-hills.de\/wp-content\/uploads\/2026\/04\/df18464d-6b51-41d4-9c2b-0eaea9efe765-248x300.jpeg 248w, https:\/\/www.endless-hills.de\/wp-content\/uploads\/2026\/04\/df18464d-6b51-41d4-9c2b-0eaea9efe765-768x931.jpeg 768w, https:\/\/www.endless-hills.de\/wp-content\/uploads\/2026\/04\/df18464d-6b51-41d4-9c2b-0eaea9efe765-1267x1536.jpeg 1267w, https:\/\/www.endless-hills.de\/wp-content\/uploads\/2026\/04\/df18464d-6b51-41d4-9c2b-0eaea9efe765.jpeg 1320w\" sizes=\"auto, (max-width: 845px) 100vw, 845px\" \/><\/figure>\n<\/div>\n\n<div class=\"wp-block-image\">\n<figure class=\"aligncenter is-resized\"><img loading=\"lazy\" decoding=\"async\" width=\"768\" height=\"1024\" src=\"https:\/\/www.endless-hills.de\/wp-content\/uploads\/2026\/04\/5f0ff12d-9010-4020-b427-8b615e93d8d2-768x1024.jpeg\" alt=\"\" class=\"wp-image-21396\" style=\"width:299px;height:auto\" srcset=\"https:\/\/www.endless-hills.de\/wp-content\/uploads\/2026\/04\/5f0ff12d-9010-4020-b427-8b615e93d8d2-768x1024.jpeg 768w, https:\/\/www.endless-hills.de\/wp-content\/uploads\/2026\/04\/5f0ff12d-9010-4020-b427-8b615e93d8d2-225x300.jpeg 225w, https:\/\/www.endless-hills.de\/wp-content\/uploads\/2026\/04\/5f0ff12d-9010-4020-b427-8b615e93d8d2-1152x1536.jpeg 1152w, https:\/\/www.endless-hills.de\/wp-content\/uploads\/2026\/04\/5f0ff12d-9010-4020-b427-8b615e93d8d2.jpeg 1200w\" sizes=\"auto, (max-width: 768px) 100vw, 768px\" \/><\/figure>\n<\/div>\n\n\n<p class=\"has-text-align-center\">**********************************************************<\/p>\n\n\n\n<h2 class=\"wp-block-heading has-text-align-center has-vivid-cyan-blue-color has-text-color has-link-color wp-elements-cde7f6ff9d1099cd9a74e70f4f402e4a\">Wir erwarten Ende Mai 2026<\/h2>\n\n\n\n<h2 class=\"wp-block-heading has-text-align-center\">Welpen in tricolour und sable<\/h2>\n\n\n\n<h3 class=\"wp-block-heading has-text-align-center has-vivid-red-color has-text-color has-link-color wp-elements-e39b03a49712705ba03c939b1240a1f4\"><strong>Aus der Verpaarung<\/strong><\/h3>\n\n\n\n<h3 class=\"wp-block-heading has-text-align-center\">Sanyo vom Haubergsland X Relani von den Schalksm\u00fchler H\u00f6hen<\/h3>\n\n\n<div class=\"wp-block-image\">\n<figure class=\"aligncenter size-full is-resized\"><img loading=\"lazy\" decoding=\"async\" width=\"575\" height=\"621\" src=\"http:\/\/www.endless-hills.de\/wp-content\/uploads\/2026\/04\/D2DDD459-5AC2-4469-ADEA-AEE530CB7B14.jpeg\" alt=\"\" class=\"wp-image-21440\" style=\"width:301px;height:auto\" srcset=\"https:\/\/www.endless-hills.de\/wp-content\/uploads\/2026\/04\/D2DDD459-5AC2-4469-ADEA-AEE530CB7B14.jpeg 575w, https:\/\/www.endless-hills.de\/wp-content\/uploads\/2026\/04\/D2DDD459-5AC2-4469-ADEA-AEE530CB7B14-278x300.jpeg 278w\" sizes=\"auto, (max-width: 575px) 100vw, 575px\" \/><\/figure>\n<\/div>\n\n<div class=\"wp-block-image\">\n<figure class=\"aligncenter size-large is-resized\"><img loading=\"lazy\" decoding=\"async\" width=\"1024\" height=\"683\" src=\"http:\/\/www.endless-hills.de\/wp-content\/uploads\/2026\/04\/13c9fd24-11ba-4312-8626-28fa313b8e25-1024x683.jpeg\" alt=\"\" class=\"wp-image-21424\" style=\"aspect-ratio:1.4992888417882142;width:300px;height:auto\" srcset=\"https:\/\/www.endless-hills.de\/wp-content\/uploads\/2026\/04\/13c9fd24-11ba-4312-8626-28fa313b8e25-1024x683.jpeg 1024w, https:\/\/www.endless-hills.de\/wp-content\/uploads\/2026\/04\/13c9fd24-11ba-4312-8626-28fa313b8e25-300x200.jpeg 300w, https:\/\/www.endless-hills.de\/wp-content\/uploads\/2026\/04\/13c9fd24-11ba-4312-8626-28fa313b8e25-768x512.jpeg 768w, https:\/\/www.endless-hills.de\/wp-content\/uploads\/2026\/04\/13c9fd24-11ba-4312-8626-28fa313b8e25.jpeg 1500w\" sizes=\"auto, (max-width: 1024px) 100vw, 1024px\" \/><\/figure>\n<\/div>\n\n\n<p><\/p>\n\n\n\n<p><\/p>\n\n\n\n<h3 class=\"wp-block-heading\"><strong><em>Manchmal ergibt es sich, dass wir mehrere Welpen aufziehen bis wir uns endg\u00fcltig f\u00fcr &#8222;den Einen&#8220; entscheiden und somit einer unserer Diamanten zu einem sp\u00e4teren Zeitpunkt zur Vermittlung steht. Ausserdem ergeben sich auch mal Umst\u00e4nde, die es n\u00f6tig machen f\u00fcr einen geliebten erwachsenen Hund ein neues Zuhause zu suchen.<\/em><\/strong><\/h3>\n\n\n\n<p>Sie suchen einen etwas \u00e4lteren Collie oder Sheltie als Ihren Begleiter? Rufen Sie uns gerne einfach unverbindlich an und fragen nach<\/p>\n\n\n\n<p><strong><a href=\"http:\/\/www.endless-hills.de\/?page_id=168\">Nehmen Sie einfach Kontakt mit uns auf.&nbsp;<\/a><\/strong><\/p>\n\n\n\n<h3 class=\"wp-block-heading\"><strong>Wir freuen uns noch mehr auf Ihren Anruf.<\/strong><\/h3>\n","protected":false},"excerpt":{"rendered":"<p>Wir haben Welpen Aus der Verpaarung Danno von den Schalksm\u00fchler H\u00f6hen X Show Elveras Grace Zwei zauberhaft gechillte tricolour Sheltie R\u00fcden suchen noch ein Zuhause ********************************************************** Wir erwarten Ende Mai 2026 Welpen in tricolour und sable Aus der Verpaarung Sanyo vom Haubergsland X Relani von den Schalksm\u00fchler H\u00f6hen Manchmal ergibt es sich, dass wir mehrere [&hellip;]<\/p>\n","protected":false},"author":3,"featured_media":0,"parent":0,"menu_order":2,"comment_status":"closed","ping_status":"closed","template":"","meta":{"ngg_post_thumbnail":0,"footnotes":""},"class_list":["post-9","page","type-page","status-publish","hentry"],"_links":{"self":[{"href":"https:\/\/www.endless-hills.de\/index.php?rest_route=\/wp\/v2\/pages\/9","targetHints":{"allow":["GET"]}}],"collection":[{"href":"https:\/\/www.endless-hills.de\/index.php?rest_route=\/wp\/v2\/pages"}],"about":[{"href":"https:\/\/www.endless-hills.de\/index.php?rest_route=\/wp\/v2\/types\/page"}],"author":[{"embeddable":true,"href":"https:\/\/www.endless-hills.de\/index.php?rest_route=\/wp\/v2\/users\/3"}],"replies":[{"embeddable":true,"href":"https:\/\/www.endless-hills.de\/index.php?rest_route=%2Fwp%2Fv2%2Fcomments&post=9"}],"version-history":[{"count":351,"href":"https:\/\/www.endless-hills.de\/index.php?rest_route=\/wp\/v2\/pages\/9\/revisions"}],"predecessor-version":[{"id":21449,"href":"https:\/\/www.endless-hills.de\/index.php?rest_route=\/wp\/v2\/pages\/9\/revisions\/21449"}],"wp:attachment":[{"href":"https:\/\/www.endless-hills.de\/index.php?rest_route=%2Fwp%2Fv2%2Fmedia&parent=9"}],"curies":[{"name":"wp","href":"https:\/\/api.w.org\/{rel}","templated":true}]}}