{"id":7726,"date":"2014-12-20T22:14:51","date_gmt":"2014-12-20T21:14:51","guid":{"rendered":"http:\/\/www.endless-hills.de\/?page_id=7726"},"modified":"2017-02-20T23:03:15","modified_gmt":"2017-02-20T22:03:15","slug":"heros-kinder","status":"publish","type":"page","link":"https:\/\/www.endless-hills.de\/?page_id=7726","title":{"rendered":"Heros Kinder"},"content":{"rendered":"<p>&nbsp;<\/p>\n<p>&#8211; Hero deckt am 23.02.2016 sicher und zuverl\u00e4ssig die liebe Enya of Cairnwell. Am 26.04.2016 erblickten 1\/4 zauberhafte Welpen in darksable das Licht der Welt. Wir w\u00fcnschen Susanne Kress ganz viel Spa\u00df bei der Aufzucht der s\u00fc\u00dfen Zwerge!<\/p>\n<p>&#8211; Hero deckt unsere wundervolle Sanza am 27.09.2015 und wir pr\u00e4sentieren hieraus voller Stolz unseren O -Wurf, geboren am 25.11.2015 mit 6 R\u00fcden (3 darksable\/3 goldsable) und 2 darksable H\u00fcndinnen. Es ist einfach wundervoll einen Wurf zu haben, bei dem beide \u00a0Eltern bei einem selbst leben. Man entdeckt noch mehr Gemeinsamkeiten mit ihren Eltern, als sonst \ud83d\ude42<\/p>\n<p>&#8211; Hero hielt am 19.12.2014 Hochzeit mit der sch\u00f6nen Belinda von der Deditzh\u00f6he. Im Zwinger von der Deditzh\u00f6he wurden am 18. Februar 3 wundervolle H\u00fcndinnen aus dieser Verpaarung geboren.<\/p>\n<p><img loading=\"lazy\" decoding=\"async\" class=\"aligncenter size-full wp-image-9041\" src=\"http:\/\/www.endless-hills.de\/wp-content\/uploads\/2014\/12\/94732485_xl.jpg\" alt=\"94732485_xl\" width=\"656\" height=\"712\" srcset=\"https:\/\/www.endless-hills.de\/wp-content\/uploads\/2014\/12\/94732485_xl.jpg 656w, https:\/\/www.endless-hills.de\/wp-content\/uploads\/2014\/12\/94732485_xl-276x300.jpg 276w\" sizes=\"auto, (max-width: 656px) 100vw, 656px\" \/><\/p>\n<p><img loading=\"lazy\" decoding=\"async\" class=\"aligncenter size-full wp-image-9042\" src=\"http:\/\/www.endless-hills.de\/wp-content\/uploads\/2014\/12\/IMG_9313.jpg\" alt=\"IMG_9313\" width=\"366\" height=\"335\" srcset=\"https:\/\/www.endless-hills.de\/wp-content\/uploads\/2014\/12\/IMG_9313.jpg 366w, https:\/\/www.endless-hills.de\/wp-content\/uploads\/2014\/12\/IMG_9313-300x275.jpg 300w\" sizes=\"auto, (max-width: 366px) 100vw, 366px\" \/><\/p>\n<p>&nbsp;<\/p>\n<p><img loading=\"lazy\" decoding=\"async\" class=\"aligncenter size-full wp-image-9040\" src=\"http:\/\/www.endless-hills.de\/wp-content\/uploads\/2014\/12\/94475258_xl.jpg\" alt=\"94475258_xl\" width=\"410\" height=\"395\" srcset=\"https:\/\/www.endless-hills.de\/wp-content\/uploads\/2014\/12\/94475258_xl.jpg 410w, https:\/\/www.endless-hills.de\/wp-content\/uploads\/2014\/12\/94475258_xl-300x289.jpg 300w\" sizes=\"auto, (max-width: 410px) 100vw, 410px\" \/><\/p>\n<p><img loading=\"lazy\" decoding=\"async\" class=\"aligncenter size-full wp-image-9038\" src=\"http:\/\/www.endless-hills.de\/wp-content\/uploads\/2014\/12\/72.jpg\" alt=\"$_72\" width=\"344\" height=\"375\" srcset=\"https:\/\/www.endless-hills.de\/wp-content\/uploads\/2014\/12\/72.jpg 344w, https:\/\/www.endless-hills.de\/wp-content\/uploads\/2014\/12\/72-275x300.jpg 275w\" sizes=\"auto, (max-width: 344px) 100vw, 344px\" \/><\/p>\n<p>&nbsp;<\/p>\n<p>&nbsp;<\/p>\n<p>&#8211; Hero deckte die tolle Bakahri from the Sun of China. Bei dem Ultraschall am 37. Tag wurden noch 7 gesunde und muntere Welpen gesichtet. Schockierender Weise erkrankte Bakahri pl\u00f6tzlich an einer Pyometra, verlor die Welpen und musste am 54. Tr\u00e4chtigkeitstag kastriert werden ;(<\/p>\n<p><img loading=\"lazy\" decoding=\"async\" class=\"aligncenter wp-image-7786 size-medium\" src=\"http:\/\/www.endless-hills.de\/wp-content\/uploads\/2014\/12\/Wurfplanung-300x196.jpg\" alt=\"Wurfplanung\" width=\"300\" height=\"196\" srcset=\"https:\/\/www.endless-hills.de\/wp-content\/uploads\/2014\/12\/Wurfplanung-300x196.jpg 300w, https:\/\/www.endless-hills.de\/wp-content\/uploads\/2014\/12\/Wurfplanung-1024x670.jpg 1024w, https:\/\/www.endless-hills.de\/wp-content\/uploads\/2014\/12\/Wurfplanung.jpg 1303w\" sizes=\"auto, (max-width: 300px) 100vw, 300px\" \/><\/p>\n","protected":false},"excerpt":{"rendered":"<p>&nbsp; &#8211; Hero deckt am 23.02.2016 sicher und zuverl\u00e4ssig die liebe Enya of Cairnwell. Am 26.04.2016 erblickten 1\/4 zauberhafte Welpen in darksable das Licht der Welt. Wir w\u00fcnschen Susanne Kress ganz viel Spa\u00df bei der Aufzucht der s\u00fc\u00dfen Zwerge! &#8211; Hero deckt unsere wundervolle Sanza am 27.09.2015 und wir pr\u00e4sentieren hieraus voller Stolz unseren O [&hellip;]<\/p>\n","protected":false},"author":3,"featured_media":0,"parent":6171,"menu_order":0,"comment_status":"closed","ping_status":"closed","template":"","meta":{"ngg_post_thumbnail":0,"footnotes":""},"class_list":["post-7726","page","type-page","status-publish","hentry"],"_links":{"self":[{"href":"https:\/\/www.endless-hills.de\/index.php?rest_route=\/wp\/v2\/pages\/7726","targetHints":{"allow":["GET"]}}],"collection":[{"href":"https:\/\/www.endless-hills.de\/index.php?rest_route=\/wp\/v2\/pages"}],"about":[{"href":"https:\/\/www.endless-hills.de\/index.php?rest_route=\/wp\/v2\/types\/page"}],"author":[{"embeddable":true,"href":"https:\/\/www.endless-hills.de\/index.php?rest_route=\/wp\/v2\/users\/3"}],"replies":[{"embeddable":true,"href":"https:\/\/www.endless-hills.de\/index.php?rest_route=%2Fwp%2Fv2%2Fcomments&post=7726"}],"version-history":[{"count":20,"href":"https:\/\/www.endless-hills.de\/index.php?rest_route=\/wp\/v2\/pages\/7726\/revisions"}],"predecessor-version":[{"id":14105,"href":"https:\/\/www.endless-hills.de\/index.php?rest_route=\/wp\/v2\/pages\/7726\/revisions\/14105"}],"up":[{"embeddable":true,"href":"https:\/\/www.endless-hills.de\/index.php?rest_route=\/wp\/v2\/pages\/6171"}],"wp:attachment":[{"href":"https:\/\/www.endless-hills.de\/index.php?rest_route=%2Fwp%2Fv2%2Fmedia&parent=7726"}],"curies":[{"name":"wp","href":"https:\/\/api.w.org\/{rel}","templated":true}]}}