{"id":7705,"date":"2014-12-04T16:07:50","date_gmt":"2014-12-04T15:07:50","guid":{"rendered":"http:\/\/www.endless-hills.de\/?page_id=7705"},"modified":"2017-05-29T21:52:35","modified_gmt":"2017-05-29T20:52:35","slug":"k-wurf","status":"publish","type":"page","link":"https:\/\/www.endless-hills.de\/?page_id=7705","title":{"rendered":"K-Wurf"},"content":{"rendered":"<h3 style=\"text-align: center;\"><span style=\"color: #ff0000;\">Unsere K Collie \u2013 Welpen in gold- und darksable sind am 9. Oktober 2014 geboren.<\/span><\/h3>\n<p style=\"text-align: center;\">6 R\u00fcden und 2 H\u00fcndinnen zuckers\u00fc\u00df und absolut zauberhaft.<\/p>\n<p style=\"text-align: center;\">Informationen zur Verpaarung:<\/p>\n<h3 style=\"text-align: center;\">Crusader Amnis Rhei (Cruise)<\/h3>\n<p style=\"text-align: center;\">CEA\/PRA\/KAT frei puppy test 7 Wochen, CEA gen. affected, MDR1 +\/+, DM N\/DM, PRArcd2 N\/N, HD \u2013 A1, K\u00f6rklasse I, vollzahniges Scherengebi\u00df, nat\u00fcrliche Kippohren<\/p>\n<p style=\"text-align: center;\">und<\/p>\n<h3 style=\"text-align: center;\">Patty Lady vom Br\u00fcggener \u2013 Land (Sanza)<\/h3>\n<p style=\"text-align: center;\">CEA\/PRA\/KAT frei puppy test DOK, CEA \u00a0gen. Carrier (+\/-), MDR1 +\/+, DM N\/N, PRArcd2 N\/N, HD \u2013 A1, K\u00f6rklasse I, vollzahniges Scherengebi\u00df, nat\u00fcrliche Kippohren<\/p>\n<p style=\"text-align: center;\"><img loading=\"lazy\" decoding=\"async\" class=\"aligncenter wp-image-6147\" src=\"http:\/\/www.endless-hills.de\/wp-content\/uploads\/2010\/01\/CruziundSanza-300x226.jpg\" alt=\"CruziundSanza\" width=\"600\" height=\"452\" srcset=\"https:\/\/www.endless-hills.de\/wp-content\/uploads\/2010\/01\/CruziundSanza-300x226.jpg 300w, https:\/\/www.endless-hills.de\/wp-content\/uploads\/2010\/01\/CruziundSanza.jpg 842w\" sizes=\"auto, (max-width: 600px) 100vw, 600px\" \/><\/p>\n<p><a href=\"http:\/\/www.endless-hills.de\/wp-content\/uploads\/2014\/05\/Virtualist-Virtual-pedigree-of-Crusader-Amnis-Rhei-x-Patty-Lady-vom-Br%C3%BCggener-Land.pdf\">Virtual pedigree\/Ahnentafel of Crusader Amnis Rhei x Patty Lady vom Br\u00fcggener-Land<\/a><\/p>\n","protected":false},"excerpt":{"rendered":"<p>Unsere K Collie \u2013 Welpen in gold- und darksable sind am 9. Oktober 2014 geboren. 6 R\u00fcden und 2 H\u00fcndinnen zuckers\u00fc\u00df und absolut zauberhaft. Informationen zur Verpaarung: Crusader Amnis Rhei (Cruise) CEA\/PRA\/KAT frei puppy test 7 Wochen, CEA gen. affected, MDR1 +\/+, DM N\/DM, PRArcd2 N\/N, HD \u2013 A1, K\u00f6rklasse I, vollzahniges Scherengebi\u00df, nat\u00fcrliche Kippohren [&hellip;]<\/p>\n","protected":false},"author":3,"featured_media":0,"parent":1539,"menu_order":12,"comment_status":"closed","ping_status":"closed","template":"","meta":{"ngg_post_thumbnail":0,"footnotes":""},"class_list":["post-7705","page","type-page","status-publish","hentry"],"_links":{"self":[{"href":"https:\/\/www.endless-hills.de\/index.php?rest_route=\/wp\/v2\/pages\/7705","targetHints":{"allow":["GET"]}}],"collection":[{"href":"https:\/\/www.endless-hills.de\/index.php?rest_route=\/wp\/v2\/pages"}],"about":[{"href":"https:\/\/www.endless-hills.de\/index.php?rest_route=\/wp\/v2\/types\/page"}],"author":[{"embeddable":true,"href":"https:\/\/www.endless-hills.de\/index.php?rest_route=\/wp\/v2\/users\/3"}],"replies":[{"embeddable":true,"href":"https:\/\/www.endless-hills.de\/index.php?rest_route=%2Fwp%2Fv2%2Fcomments&post=7705"}],"version-history":[{"count":6,"href":"https:\/\/www.endless-hills.de\/index.php?rest_route=\/wp\/v2\/pages\/7705\/revisions"}],"predecessor-version":[{"id":14934,"href":"https:\/\/www.endless-hills.de\/index.php?rest_route=\/wp\/v2\/pages\/7705\/revisions\/14934"}],"up":[{"embeddable":true,"href":"https:\/\/www.endless-hills.de\/index.php?rest_route=\/wp\/v2\/pages\/1539"}],"wp:attachment":[{"href":"https:\/\/www.endless-hills.de\/index.php?rest_route=%2Fwp%2Fv2%2Fmedia&parent=7705"}],"curies":[{"name":"wp","href":"https:\/\/api.w.org\/{rel}","templated":true}]}}