{"id":6510,"date":"2014-10-10T18:54:43","date_gmt":"2014-10-10T17:54:43","guid":{"rendered":"http:\/\/www.endless-hills.de\/?page_id=6510"},"modified":"2014-12-11T21:37:10","modified_gmt":"2014-12-11T20:37:10","slug":"kung-fu-panda","status":"publish","type":"page","link":"https:\/\/www.endless-hills.de\/?page_id=6510","title":{"rendered":"KungFu Panda &#8211; vergeben"},"content":{"rendered":"<p>R\u00fcde &#8211; darksable<\/p>\n<p>Panda B\u00e4rchen wurde um 10.35 Uhr geboren. Seine Halskrause ist etwas feiner, aber komplett geschlossen. Er hat ein wei\u00dfes N\u00e4schen, das sieht so s\u00fc\u00df aus. Bei ihm ist es umgekehrt: Das linke Bein ist braun, das rechte wei\u00df.<\/p>\n<p>Er ist MDR1 +\/+, PRA +\/+, DM +\/-<\/p>\n<p><!-- default-view.php -->\n<div\n\tclass=\"ngg-galleryoverview default-view\n\t ngg-ajax-pagination-none\t\"\n\tid=\"ngg-gallery-e76eb94587df7fe7ecc8645fc8f89dc2-1\"\n\tdata-nextgen-gallery-id=\"129\"\n\tdata-gallery-id=\"129\"\n\t\tdata-gallery-name=\"KungFu Panda\"\n\t>\n\n\t\t<!-- Thumbnails -->\n\t\t\t\t<div id=\"ngg-image-0\" class=\"ngg-gallery-thumbnail-box\n\t\t\t\t\t\t\t\t\t\t\t\"\n\t\t\t>\n\t\t\t\t\t\t<div class=\"ngg-gallery-thumbnail\">\n\t\t<a href=\"https:\/\/www.endless-hills.de\/wp-content\/gallery\/kungfu-panda\/DSC_0121.JPG?t=1418331139\"\n\t\t\ttitle=\"\"\n\t\t\tdata-src=\"https:\/\/www.endless-hills.de\/wp-content\/gallery\/kungfu-panda\/DSC_0121.JPG?t=1418331139\"\n\t\t\tdata-thumbnail=\"https:\/\/www.endless-hills.de\/wp-content\/gallery\/kungfu-panda\/thumbs\/thumbs_DSC_0121.JPG?t=1418331139\"\n\t\t\tdata-image-id=\"6010\"\n\t\t\tdata-image-name=\"DSC_0121.JPG\"\n\t\t\tdata-title=\"DSC_0121\"\n\t\t\tdata-description=\"\"\n\t\t\tdata-image-slug=\"dsc_0121-1\"\n\t\t\t\t\t\t\t\t\t\t\t\t\t\t\t\t\t\t\t\tclass=\"shutterset_e76eb94587df7fe7ecc8645fc8f89dc2\">\n\t\t\t\t\t\t\t\t<img\n\t\t\t\t\ttitle=\"DSC_0121\"\n\t\t\t\t\talt=\"DSC_0121\"\n\t\t\t\t\tsrc=\"https:\/\/www.endless-hills.de\/wp-content\/gallery\/kungfu-panda\/thumbs\/thumbs_DSC_0121.JPG?t=1418331139\"\n\t\t\t\t\twidth=\"300\"\n\t\t\t\t\theight=\"300\"\n\t\t\t\t\tstyle=\"max-width:100%;\"\n\t\t\t\t\/>\n\t\t\t<\/a>\n\t\t<\/div>\n\t\t\t\t\t\t\t<\/div>\n\t\t\t\n\t\t\t\t<div id=\"ngg-image-1\" class=\"ngg-gallery-thumbnail-box\n\t\t\t\t\t\t\t\t\t\t\t\"\n\t\t\t>\n\t\t\t\t\t\t<div class=\"ngg-gallery-thumbnail\">\n\t\t<a href=\"https:\/\/www.endless-hills.de\/wp-content\/gallery\/kungfu-panda\/DSC_0207.JPG?t=1417350267\"\n\t\t\ttitle=\" \"\n\t\t\tdata-src=\"https:\/\/www.endless-hills.de\/wp-content\/gallery\/kungfu-panda\/DSC_0207.JPG?t=1417350267\"\n\t\t\tdata-thumbnail=\"https:\/\/www.endless-hills.de\/wp-content\/gallery\/kungfu-panda\/thumbs\/thumbs_DSC_0207.JPG?t=1417350267\"\n\t\t\tdata-image-id=\"6127\"\n\t\t\tdata-image-name=\"DSC_0207.JPG\"\n\t\t\tdata-title=\"DSC_0207\"\n\t\t\tdata-description=\" \"\n\t\t\tdata-image-slug=\"dsc_0207-2\"\n\t\t\t\t\t\t\t\t\t\t\t\t\t\t\t\t\t\t\t\tclass=\"shutterset_e76eb94587df7fe7ecc8645fc8f89dc2\">\n\t\t\t\t\t\t\t\t<img\n\t\t\t\t\ttitle=\"DSC_0207\"\n\t\t\t\t\talt=\"DSC_0207\"\n\t\t\t\t\tsrc=\"https:\/\/www.endless-hills.de\/wp-content\/gallery\/kungfu-panda\/thumbs\/thumbs_DSC_0207.JPG?t=1417350267\"\n\t\t\t\t\twidth=\"300\"\n\t\t\t\t\theight=\"300\"\n\t\t\t\t\tstyle=\"max-width:100%;\"\n\t\t\t\t\/>\n\t\t\t<\/a>\n\t\t<\/div>\n\t\t\t\t\t\t\t<\/div>\n\t\t\t\n\t\t\t\t<div id=\"ngg-image-2\" class=\"ngg-gallery-thumbnail-box\n\t\t\t\t\t\t\t\t\t\t\t\"\n\t\t\t>\n\t\t\t\t\t\t<div class=\"ngg-gallery-thumbnail\">\n\t\t<a href=\"https:\/\/www.endless-hills.de\/wp-content\/gallery\/kungfu-panda\/DSC_0209.JPG?t=1417350316\"\n\t\t\ttitle=\" \"\n\t\t\tdata-src=\"https:\/\/www.endless-hills.de\/wp-content\/gallery\/kungfu-panda\/DSC_0209.JPG?t=1417350316\"\n\t\t\tdata-thumbnail=\"https:\/\/www.endless-hills.de\/wp-content\/gallery\/kungfu-panda\/thumbs\/thumbs_DSC_0209.JPG?t=1417350316\"\n\t\t\tdata-image-id=\"6128\"\n\t\t\tdata-image-name=\"DSC_0209.JPG\"\n\t\t\tdata-title=\"DSC_0209\"\n\t\t\tdata-description=\" \"\n\t\t\tdata-image-slug=\"dsc_0209-2\"\n\t\t\t\t\t\t\t\t\t\t\t\t\t\t\t\t\t\t\t\tclass=\"shutterset_e76eb94587df7fe7ecc8645fc8f89dc2\">\n\t\t\t\t\t\t\t\t<img\n\t\t\t\t\ttitle=\"DSC_0209\"\n\t\t\t\t\talt=\"DSC_0209\"\n\t\t\t\t\tsrc=\"https:\/\/www.endless-hills.de\/wp-content\/gallery\/kungfu-panda\/thumbs\/thumbs_DSC_0209.JPG?t=1417350316\"\n\t\t\t\t\twidth=\"300\"\n\t\t\t\t\theight=\"300\"\n\t\t\t\t\tstyle=\"max-width:100%;\"\n\t\t\t\t\/>\n\t\t\t<\/a>\n\t\t<\/div>\n\t\t\t\t\t\t\t<\/div>\n\t\t\t\n\t\t\t\t<div id=\"ngg-image-3\" class=\"ngg-gallery-thumbnail-box\n\t\t\t\t\t\t\t\t\t\t\t\"\n\t\t\t>\n\t\t\t\t\t\t<div class=\"ngg-gallery-thumbnail\">\n\t\t<a href=\"https:\/\/www.endless-hills.de\/wp-content\/gallery\/kungfu-panda\/DSC_0210.JPG?t=1417350366\"\n\t\t\ttitle=\" \"\n\t\t\tdata-src=\"https:\/\/www.endless-hills.de\/wp-content\/gallery\/kungfu-panda\/DSC_0210.JPG?t=1417350366\"\n\t\t\tdata-thumbnail=\"https:\/\/www.endless-hills.de\/wp-content\/gallery\/kungfu-panda\/thumbs\/thumbs_DSC_0210.JPG?t=1417350366\"\n\t\t\tdata-image-id=\"6129\"\n\t\t\tdata-image-name=\"DSC_0210.JPG\"\n\t\t\tdata-title=\"DSC_0210\"\n\t\t\tdata-description=\" \"\n\t\t\tdata-image-slug=\"dsc_0210-4\"\n\t\t\t\t\t\t\t\t\t\t\t\t\t\t\t\t\t\t\t\tclass=\"shutterset_e76eb94587df7fe7ecc8645fc8f89dc2\">\n\t\t\t\t\t\t\t\t<img\n\t\t\t\t\ttitle=\"DSC_0210\"\n\t\t\t\t\talt=\"DSC_0210\"\n\t\t\t\t\tsrc=\"https:\/\/www.endless-hills.de\/wp-content\/gallery\/kungfu-panda\/thumbs\/thumbs_DSC_0210.JPG?t=1417350366\"\n\t\t\t\t\twidth=\"300\"\n\t\t\t\t\theight=\"300\"\n\t\t\t\t\tstyle=\"max-width:100%;\"\n\t\t\t\t\/>\n\t\t\t<\/a>\n\t\t<\/div>\n\t\t\t\t\t\t\t<\/div>\n\t\t\t\n\t\t\t\t<div id=\"ngg-image-4\" class=\"ngg-gallery-thumbnail-box\n\t\t\t\t\t\t\t\t\t\t\t\"\n\t\t\t>\n\t\t\t\t\t\t<div class=\"ngg-gallery-thumbnail\">\n\t\t<a href=\"https:\/\/www.endless-hills.de\/wp-content\/gallery\/kungfu-panda\/DSC_0071.jpg?t=1416658877\"\n\t\t\ttitle=\"\"\n\t\t\tdata-src=\"https:\/\/www.endless-hills.de\/wp-content\/gallery\/kungfu-panda\/DSC_0071.jpg?t=1416658877\"\n\t\t\tdata-thumbnail=\"https:\/\/www.endless-hills.de\/wp-content\/gallery\/kungfu-panda\/thumbs\/thumbs_DSC_0071.jpg?t=1416658877\"\n\t\t\tdata-image-id=\"6003\"\n\t\t\tdata-image-name=\"DSC_0071.jpg\"\n\t\t\tdata-title=\"DSC_0071\"\n\t\t\tdata-description=\"\"\n\t\t\tdata-image-slug=\"dsc_0071\"\n\t\t\t\t\t\t\t\t\t\t\t\t\t\t\t\t\t\t\t\tclass=\"shutterset_e76eb94587df7fe7ecc8645fc8f89dc2\">\n\t\t\t\t\t\t\t\t<img\n\t\t\t\t\ttitle=\"DSC_0071\"\n\t\t\t\t\talt=\"DSC_0071\"\n\t\t\t\t\tsrc=\"https:\/\/www.endless-hills.de\/wp-content\/gallery\/kungfu-panda\/thumbs\/thumbs_DSC_0071.jpg?t=1416658877\"\n\t\t\t\t\twidth=\"300\"\n\t\t\t\t\theight=\"300\"\n\t\t\t\t\tstyle=\"max-width:100%;\"\n\t\t\t\t\/>\n\t\t\t<\/a>\n\t\t<\/div>\n\t\t\t\t\t\t\t<\/div>\n\t\t\t\n\t\t\t\t<div id=\"ngg-image-5\" class=\"ngg-gallery-thumbnail-box\n\t\t\t\t\t\t\t\t\t\t\t\"\n\t\t\t>\n\t\t\t\t\t\t<div class=\"ngg-gallery-thumbnail\">\n\t\t<a href=\"https:\/\/www.endless-hills.de\/wp-content\/gallery\/kungfu-panda\/DSC_0073.jpg?t=1416141299\"\n\t\t\ttitle=\" \"\n\t\t\tdata-src=\"https:\/\/www.endless-hills.de\/wp-content\/gallery\/kungfu-panda\/DSC_0073.jpg?t=1416141299\"\n\t\t\tdata-thumbnail=\"https:\/\/www.endless-hills.de\/wp-content\/gallery\/kungfu-panda\/thumbs\/thumbs_DSC_0073.jpg?t=1416141299\"\n\t\t\tdata-image-id=\"6004\"\n\t\t\tdata-image-name=\"DSC_0073.jpg\"\n\t\t\tdata-title=\"DSC_0073\"\n\t\t\tdata-description=\" \"\n\t\t\tdata-image-slug=\"dsc_0073-1\"\n\t\t\t\t\t\t\t\t\t\t\t\t\t\t\t\t\t\t\t\tclass=\"shutterset_e76eb94587df7fe7ecc8645fc8f89dc2\">\n\t\t\t\t\t\t\t\t<img\n\t\t\t\t\ttitle=\"DSC_0073\"\n\t\t\t\t\talt=\"DSC_0073\"\n\t\t\t\t\tsrc=\"https:\/\/www.endless-hills.de\/wp-content\/gallery\/kungfu-panda\/thumbs\/thumbs_DSC_0073.jpg?t=1416141299\"\n\t\t\t\t\twidth=\"300\"\n\t\t\t\t\theight=\"300\"\n\t\t\t\t\tstyle=\"max-width:100%;\"\n\t\t\t\t\/>\n\t\t\t<\/a>\n\t\t<\/div>\n\t\t\t\t\t\t\t<\/div>\n\t\t\t\n\t\t\t\t<div id=\"ngg-image-6\" class=\"ngg-gallery-thumbnail-box\n\t\t\t\t\t\t\t\t\t\t\t\"\n\t\t\t>\n\t\t\t\t\t\t<div class=\"ngg-gallery-thumbnail\">\n\t\t<a href=\"https:\/\/www.endless-hills.de\/wp-content\/gallery\/kungfu-panda\/DSC_0077.jpg?t=1416141305\"\n\t\t\ttitle=\" \"\n\t\t\tdata-src=\"https:\/\/www.endless-hills.de\/wp-content\/gallery\/kungfu-panda\/DSC_0077.jpg?t=1416141305\"\n\t\t\tdata-thumbnail=\"https:\/\/www.endless-hills.de\/wp-content\/gallery\/kungfu-panda\/thumbs\/thumbs_DSC_0077.jpg?t=1416141305\"\n\t\t\tdata-image-id=\"6006\"\n\t\t\tdata-image-name=\"DSC_0077.jpg\"\n\t\t\tdata-title=\"DSC_0077\"\n\t\t\tdata-description=\" \"\n\t\t\tdata-image-slug=\"dsc_0077-3\"\n\t\t\t\t\t\t\t\t\t\t\t\t\t\t\t\t\t\t\t\tclass=\"shutterset_e76eb94587df7fe7ecc8645fc8f89dc2\">\n\t\t\t\t\t\t\t\t<img\n\t\t\t\t\ttitle=\"DSC_0077\"\n\t\t\t\t\talt=\"DSC_0077\"\n\t\t\t\t\tsrc=\"https:\/\/www.endless-hills.de\/wp-content\/gallery\/kungfu-panda\/thumbs\/thumbs_DSC_0077.jpg?t=1416141305\"\n\t\t\t\t\twidth=\"300\"\n\t\t\t\t\theight=\"300\"\n\t\t\t\t\tstyle=\"max-width:100%;\"\n\t\t\t\t\/>\n\t\t\t<\/a>\n\t\t<\/div>\n\t\t\t\t\t\t\t<\/div>\n\t\t\t\n\t\t\t\t<div id=\"ngg-image-7\" class=\"ngg-gallery-thumbnail-box\n\t\t\t\t\t\t\t\t\t\t\t\"\n\t\t\t>\n\t\t\t\t\t\t<div class=\"ngg-gallery-thumbnail\">\n\t\t<a href=\"https:\/\/www.endless-hills.de\/wp-content\/gallery\/kungfu-panda\/DSC_0076.jpg?t=1416141302\"\n\t\t\ttitle=\" \"\n\t\t\tdata-src=\"https:\/\/www.endless-hills.de\/wp-content\/gallery\/kungfu-panda\/DSC_0076.jpg?t=1416141302\"\n\t\t\tdata-thumbnail=\"https:\/\/www.endless-hills.de\/wp-content\/gallery\/kungfu-panda\/thumbs\/thumbs_DSC_0076.jpg?t=1416141302\"\n\t\t\tdata-image-id=\"6005\"\n\t\t\tdata-image-name=\"DSC_0076.jpg\"\n\t\t\tdata-title=\"DSC_0076\"\n\t\t\tdata-description=\" \"\n\t\t\tdata-image-slug=\"dsc_0076\"\n\t\t\t\t\t\t\t\t\t\t\t\t\t\t\t\t\t\t\t\tclass=\"shutterset_e76eb94587df7fe7ecc8645fc8f89dc2\">\n\t\t\t\t\t\t\t\t<img\n\t\t\t\t\ttitle=\"DSC_0076\"\n\t\t\t\t\talt=\"DSC_0076\"\n\t\t\t\t\tsrc=\"https:\/\/www.endless-hills.de\/wp-content\/gallery\/kungfu-panda\/thumbs\/thumbs_DSC_0076.jpg?t=1416141302\"\n\t\t\t\t\twidth=\"300\"\n\t\t\t\t\theight=\"300\"\n\t\t\t\t\tstyle=\"max-width:100%;\"\n\t\t\t\t\/>\n\t\t\t<\/a>\n\t\t<\/div>\n\t\t\t\t\t\t\t<\/div>\n\t\t\t\n\t\t\t\t<div id=\"ngg-image-8\" class=\"ngg-gallery-thumbnail-box\n\t\t\t\t\t\t\t\t\t\t\t\"\n\t\t\t>\n\t\t\t\t\t\t<div class=\"ngg-gallery-thumbnail\">\n\t\t<a href=\"https:\/\/www.endless-hills.de\/wp-content\/gallery\/kungfu-panda\/DSC_0079.jpg?t=1416141308\"\n\t\t\ttitle=\" \"\n\t\t\tdata-src=\"https:\/\/www.endless-hills.de\/wp-content\/gallery\/kungfu-panda\/DSC_0079.jpg?t=1416141308\"\n\t\t\tdata-thumbnail=\"https:\/\/www.endless-hills.de\/wp-content\/gallery\/kungfu-panda\/thumbs\/thumbs_DSC_0079.jpg?t=1416141308\"\n\t\t\tdata-image-id=\"6007\"\n\t\t\tdata-image-name=\"DSC_0079.jpg\"\n\t\t\tdata-title=\"DSC_0079\"\n\t\t\tdata-description=\" \"\n\t\t\tdata-image-slug=\"dsc_0079\"\n\t\t\t\t\t\t\t\t\t\t\t\t\t\t\t\t\t\t\t\tclass=\"shutterset_e76eb94587df7fe7ecc8645fc8f89dc2\">\n\t\t\t\t\t\t\t\t<img\n\t\t\t\t\ttitle=\"DSC_0079\"\n\t\t\t\t\talt=\"DSC_0079\"\n\t\t\t\t\tsrc=\"https:\/\/www.endless-hills.de\/wp-content\/gallery\/kungfu-panda\/thumbs\/thumbs_DSC_0079.jpg?t=1416141308\"\n\t\t\t\t\twidth=\"300\"\n\t\t\t\t\theight=\"300\"\n\t\t\t\t\tstyle=\"max-width:100%;\"\n\t\t\t\t\/>\n\t\t\t<\/a>\n\t\t<\/div>\n\t\t\t\t\t\t\t<\/div>\n\t\t\t\n\t\t\t\t<div id=\"ngg-image-9\" class=\"ngg-gallery-thumbnail-box\n\t\t\t\t\t\t\t\t\t\t\t\"\n\t\t\t>\n\t\t\t\t\t\t<div class=\"ngg-gallery-thumbnail\">\n\t\t<a href=\"https:\/\/www.endless-hills.de\/wp-content\/gallery\/kungfu-panda\/DSC_0080.jpg?t=1416141311\"\n\t\t\ttitle=\" \"\n\t\t\tdata-src=\"https:\/\/www.endless-hills.de\/wp-content\/gallery\/kungfu-panda\/DSC_0080.jpg?t=1416141311\"\n\t\t\tdata-thumbnail=\"https:\/\/www.endless-hills.de\/wp-content\/gallery\/kungfu-panda\/thumbs\/thumbs_DSC_0080.jpg?t=1416141311\"\n\t\t\tdata-image-id=\"6008\"\n\t\t\tdata-image-name=\"DSC_0080.jpg\"\n\t\t\tdata-title=\"DSC_0080\"\n\t\t\tdata-description=\" \"\n\t\t\tdata-image-slug=\"dsc_0080\"\n\t\t\t\t\t\t\t\t\t\t\t\t\t\t\t\t\t\t\t\tclass=\"shutterset_e76eb94587df7fe7ecc8645fc8f89dc2\">\n\t\t\t\t\t\t\t\t<img\n\t\t\t\t\ttitle=\"DSC_0080\"\n\t\t\t\t\talt=\"DSC_0080\"\n\t\t\t\t\tsrc=\"https:\/\/www.endless-hills.de\/wp-content\/gallery\/kungfu-panda\/thumbs\/thumbs_DSC_0080.jpg?t=1416141311\"\n\t\t\t\t\twidth=\"300\"\n\t\t\t\t\theight=\"300\"\n\t\t\t\t\tstyle=\"max-width:100%;\"\n\t\t\t\t\/>\n\t\t\t<\/a>\n\t\t<\/div>\n\t\t\t\t\t\t\t<\/div>\n\t\t\t\n\t\t\t\t<div id=\"ngg-image-10\" class=\"ngg-gallery-thumbnail-box\n\t\t\t\t\t\t\t\t\t\t\t\"\n\t\t\t>\n\t\t\t\t\t\t<div class=\"ngg-gallery-thumbnail\">\n\t\t<a href=\"https:\/\/www.endless-hills.de\/wp-content\/gallery\/kungfu-panda\/DSC_0081.jpg?t=1416141314\"\n\t\t\ttitle=\" \"\n\t\t\tdata-src=\"https:\/\/www.endless-hills.de\/wp-content\/gallery\/kungfu-panda\/DSC_0081.jpg?t=1416141314\"\n\t\t\tdata-thumbnail=\"https:\/\/www.endless-hills.de\/wp-content\/gallery\/kungfu-panda\/thumbs\/thumbs_DSC_0081.jpg?t=1416141314\"\n\t\t\tdata-image-id=\"6009\"\n\t\t\tdata-image-name=\"DSC_0081.jpg\"\n\t\t\tdata-title=\"DSC_0081\"\n\t\t\tdata-description=\" \"\n\t\t\tdata-image-slug=\"dsc_0081\"\n\t\t\t\t\t\t\t\t\t\t\t\t\t\t\t\t\t\t\t\tclass=\"shutterset_e76eb94587df7fe7ecc8645fc8f89dc2\">\n\t\t\t\t\t\t\t\t<img\n\t\t\t\t\ttitle=\"DSC_0081\"\n\t\t\t\t\talt=\"DSC_0081\"\n\t\t\t\t\tsrc=\"https:\/\/www.endless-hills.de\/wp-content\/gallery\/kungfu-panda\/thumbs\/thumbs_DSC_0081.jpg?t=1416141314\"\n\t\t\t\t\twidth=\"300\"\n\t\t\t\t\theight=\"300\"\n\t\t\t\t\tstyle=\"max-width:100%;\"\n\t\t\t\t\/>\n\t\t\t<\/a>\n\t\t<\/div>\n\t\t\t\t\t\t\t<\/div>\n\t\t\t\n\t\t\t\t<div id=\"ngg-image-11\" class=\"ngg-gallery-thumbnail-box\n\t\t\t\t\t\t\t\t\t\t\t\"\n\t\t\t>\n\t\t\t\t\t\t<div class=\"ngg-gallery-thumbnail\">\n\t\t<a href=\"https:\/\/www.endless-hills.de\/wp-content\/gallery\/kungfu-panda\/DSC_0722.JPG?t=1413896982\"\n\t\t\ttitle=\" \"\n\t\t\tdata-src=\"https:\/\/www.endless-hills.de\/wp-content\/gallery\/kungfu-panda\/DSC_0722.JPG?t=1413896982\"\n\t\t\tdata-thumbnail=\"https:\/\/www.endless-hills.de\/wp-content\/gallery\/kungfu-panda\/thumbs\/thumbs_DSC_0722.JPG?t=1413896982\"\n\t\t\tdata-image-id=\"5688\"\n\t\t\tdata-image-name=\"DSC_0722.JPG\"\n\t\t\tdata-title=\"DSC_0722\"\n\t\t\tdata-description=\" \"\n\t\t\tdata-image-slug=\"dsc_0722-3\"\n\t\t\t\t\t\t\t\t\t\t\t\t\t\t\t\t\t\t\t\tclass=\"shutterset_e76eb94587df7fe7ecc8645fc8f89dc2\">\n\t\t\t\t\t\t\t\t<img\n\t\t\t\t\ttitle=\"DSC_0722\"\n\t\t\t\t\talt=\"DSC_0722\"\n\t\t\t\t\tsrc=\"https:\/\/www.endless-hills.de\/wp-content\/gallery\/kungfu-panda\/thumbs\/thumbs_DSC_0722.JPG?t=1413896982\"\n\t\t\t\t\twidth=\"300\"\n\t\t\t\t\theight=\"300\"\n\t\t\t\t\tstyle=\"max-width:100%;\"\n\t\t\t\t\/>\n\t\t\t<\/a>\n\t\t<\/div>\n\t\t\t\t\t\t\t<\/div>\n\t\t\t\n\t\t\t\t<div id=\"ngg-image-12\" class=\"ngg-gallery-thumbnail-box\n\t\t\t\t\t\t\t\t\t\t\t\"\n\t\t\t>\n\t\t\t\t\t\t<div class=\"ngg-gallery-thumbnail\">\n\t\t<a href=\"https:\/\/www.endless-hills.de\/wp-content\/gallery\/kungfu-panda\/DSC_0723.JPG?t=1413897025\"\n\t\t\ttitle=\" \"\n\t\t\tdata-src=\"https:\/\/www.endless-hills.de\/wp-content\/gallery\/kungfu-panda\/DSC_0723.JPG?t=1413897025\"\n\t\t\tdata-thumbnail=\"https:\/\/www.endless-hills.de\/wp-content\/gallery\/kungfu-panda\/thumbs\/thumbs_DSC_0723.JPG?t=1413897025\"\n\t\t\tdata-image-id=\"5689\"\n\t\t\tdata-image-name=\"DSC_0723.JPG\"\n\t\t\tdata-title=\"DSC_0723\"\n\t\t\tdata-description=\" \"\n\t\t\tdata-image-slug=\"dsc_0723-1\"\n\t\t\t\t\t\t\t\t\t\t\t\t\t\t\t\t\t\t\t\tclass=\"shutterset_e76eb94587df7fe7ecc8645fc8f89dc2\">\n\t\t\t\t\t\t\t\t<img\n\t\t\t\t\ttitle=\"DSC_0723\"\n\t\t\t\t\talt=\"DSC_0723\"\n\t\t\t\t\tsrc=\"https:\/\/www.endless-hills.de\/wp-content\/gallery\/kungfu-panda\/thumbs\/thumbs_DSC_0723.JPG?t=1413897025\"\n\t\t\t\t\twidth=\"300\"\n\t\t\t\t\theight=\"300\"\n\t\t\t\t\tstyle=\"max-width:100%;\"\n\t\t\t\t\/>\n\t\t\t<\/a>\n\t\t<\/div>\n\t\t\t\t\t\t\t<\/div>\n\t\t\t\n\t\t\t\t<div id=\"ngg-image-13\" class=\"ngg-gallery-thumbnail-box\n\t\t\t\t\t\t\t\t\t\t\t\"\n\t\t\t>\n\t\t\t\t\t\t<div class=\"ngg-gallery-thumbnail\">\n\t\t<a href=\"https:\/\/www.endless-hills.de\/wp-content\/gallery\/kungfu-panda\/DSC_0835.jpg?t=1414926967\"\n\t\t\ttitle=\" \"\n\t\t\tdata-src=\"https:\/\/www.endless-hills.de\/wp-content\/gallery\/kungfu-panda\/DSC_0835.jpg?t=1414926967\"\n\t\t\tdata-thumbnail=\"https:\/\/www.endless-hills.de\/wp-content\/gallery\/kungfu-panda\/thumbs\/thumbs_DSC_0835.jpg?t=1414926967\"\n\t\t\tdata-image-id=\"5778\"\n\t\t\tdata-image-name=\"DSC_0835.jpg\"\n\t\t\tdata-title=\"DSC_0835\"\n\t\t\tdata-description=\" \"\n\t\t\tdata-image-slug=\"dsc_0835-4\"\n\t\t\t\t\t\t\t\t\t\t\t\t\t\t\t\t\t\t\t\tclass=\"shutterset_e76eb94587df7fe7ecc8645fc8f89dc2\">\n\t\t\t\t\t\t\t\t<img\n\t\t\t\t\ttitle=\"DSC_0835\"\n\t\t\t\t\talt=\"DSC_0835\"\n\t\t\t\t\tsrc=\"https:\/\/www.endless-hills.de\/wp-content\/gallery\/kungfu-panda\/thumbs\/thumbs_DSC_0835.jpg?t=1414926967\"\n\t\t\t\t\twidth=\"300\"\n\t\t\t\t\theight=\"300\"\n\t\t\t\t\tstyle=\"max-width:100%;\"\n\t\t\t\t\/>\n\t\t\t<\/a>\n\t\t<\/div>\n\t\t\t\t\t\t\t<\/div>\n\t\t\t\n\t\t\t\t<div id=\"ngg-image-14\" class=\"ngg-gallery-thumbnail-box\n\t\t\t\t\t\t\t\t\t\t\t\"\n\t\t\t>\n\t\t\t\t\t\t<div class=\"ngg-gallery-thumbnail\">\n\t\t<a href=\"https:\/\/www.endless-hills.de\/wp-content\/gallery\/kungfu-panda\/DSC_0836.jpg?t=1414926970\"\n\t\t\ttitle=\" \"\n\t\t\tdata-src=\"https:\/\/www.endless-hills.de\/wp-content\/gallery\/kungfu-panda\/DSC_0836.jpg?t=1414926970\"\n\t\t\tdata-thumbnail=\"https:\/\/www.endless-hills.de\/wp-content\/gallery\/kungfu-panda\/thumbs\/thumbs_DSC_0836.jpg?t=1414926970\"\n\t\t\tdata-image-id=\"5779\"\n\t\t\tdata-image-name=\"DSC_0836.jpg\"\n\t\t\tdata-title=\"DSC_0836\"\n\t\t\tdata-description=\" \"\n\t\t\tdata-image-slug=\"dsc_0836-3\"\n\t\t\t\t\t\t\t\t\t\t\t\t\t\t\t\t\t\t\t\tclass=\"shutterset_e76eb94587df7fe7ecc8645fc8f89dc2\">\n\t\t\t\t\t\t\t\t<img\n\t\t\t\t\ttitle=\"DSC_0836\"\n\t\t\t\t\talt=\"DSC_0836\"\n\t\t\t\t\tsrc=\"https:\/\/www.endless-hills.de\/wp-content\/gallery\/kungfu-panda\/thumbs\/thumbs_DSC_0836.jpg?t=1414926970\"\n\t\t\t\t\twidth=\"300\"\n\t\t\t\t\theight=\"300\"\n\t\t\t\t\tstyle=\"max-width:100%;\"\n\t\t\t\t\/>\n\t\t\t<\/a>\n\t\t<\/div>\n\t\t\t\t\t\t\t<\/div>\n\t\t\t\n\t\t\t\t<div id=\"ngg-image-15\" class=\"ngg-gallery-thumbnail-box\n\t\t\t\t\t\t\t\t\t\t\t\"\n\t\t\t>\n\t\t\t\t\t\t<div class=\"ngg-gallery-thumbnail\">\n\t\t<a href=\"https:\/\/www.endless-hills.de\/wp-content\/gallery\/kungfu-panda\/DSC_0838.jpg?t=1414926973\"\n\t\t\ttitle=\" \"\n\t\t\tdata-src=\"https:\/\/www.endless-hills.de\/wp-content\/gallery\/kungfu-panda\/DSC_0838.jpg?t=1414926973\"\n\t\t\tdata-thumbnail=\"https:\/\/www.endless-hills.de\/wp-content\/gallery\/kungfu-panda\/thumbs\/thumbs_DSC_0838.jpg?t=1414926973\"\n\t\t\tdata-image-id=\"5780\"\n\t\t\tdata-image-name=\"DSC_0838.jpg\"\n\t\t\tdata-title=\"DSC_0838\"\n\t\t\tdata-description=\" \"\n\t\t\tdata-image-slug=\"dsc_0838-4\"\n\t\t\t\t\t\t\t\t\t\t\t\t\t\t\t\t\t\t\t\tclass=\"shutterset_e76eb94587df7fe7ecc8645fc8f89dc2\">\n\t\t\t\t\t\t\t\t<img\n\t\t\t\t\ttitle=\"DSC_0838\"\n\t\t\t\t\talt=\"DSC_0838\"\n\t\t\t\t\tsrc=\"https:\/\/www.endless-hills.de\/wp-content\/gallery\/kungfu-panda\/thumbs\/thumbs_DSC_0838.jpg?t=1414926973\"\n\t\t\t\t\twidth=\"300\"\n\t\t\t\t\theight=\"300\"\n\t\t\t\t\tstyle=\"max-width:100%;\"\n\t\t\t\t\/>\n\t\t\t<\/a>\n\t\t<\/div>\n\t\t\t\t\t\t\t<\/div>\n\t\t\t\n\t\t\t\t<div id=\"ngg-image-16\" class=\"ngg-gallery-thumbnail-box\n\t\t\t\t\t\t\t\t\t\t\t\"\n\t\t\t>\n\t\t\t\t\t\t<div class=\"ngg-gallery-thumbnail\">\n\t\t<a href=\"https:\/\/www.endless-hills.de\/wp-content\/gallery\/kungfu-panda\/DSC_0839.jpg?t=1414926976\"\n\t\t\ttitle=\" \"\n\t\t\tdata-src=\"https:\/\/www.endless-hills.de\/wp-content\/gallery\/kungfu-panda\/DSC_0839.jpg?t=1414926976\"\n\t\t\tdata-thumbnail=\"https:\/\/www.endless-hills.de\/wp-content\/gallery\/kungfu-panda\/thumbs\/thumbs_DSC_0839.jpg?t=1414926976\"\n\t\t\tdata-image-id=\"5781\"\n\t\t\tdata-image-name=\"DSC_0839.jpg\"\n\t\t\tdata-title=\"DSC_0839\"\n\t\t\tdata-description=\" \"\n\t\t\tdata-image-slug=\"dsc_0839-4\"\n\t\t\t\t\t\t\t\t\t\t\t\t\t\t\t\t\t\t\t\tclass=\"shutterset_e76eb94587df7fe7ecc8645fc8f89dc2\">\n\t\t\t\t\t\t\t\t<img\n\t\t\t\t\ttitle=\"DSC_0839\"\n\t\t\t\t\talt=\"DSC_0839\"\n\t\t\t\t\tsrc=\"https:\/\/www.endless-hills.de\/wp-content\/gallery\/kungfu-panda\/thumbs\/thumbs_DSC_0839.jpg?t=1414926976\"\n\t\t\t\t\twidth=\"300\"\n\t\t\t\t\theight=\"300\"\n\t\t\t\t\tstyle=\"max-width:100%;\"\n\t\t\t\t\/>\n\t\t\t<\/a>\n\t\t<\/div>\n\t\t\t\t\t\t\t<\/div>\n\t\t\t\n\t\t\t\t<div id=\"ngg-image-17\" class=\"ngg-gallery-thumbnail-box\n\t\t\t\t\t\t\t\t\t\t\t\"\n\t\t\t>\n\t\t\t\t\t\t<div class=\"ngg-gallery-thumbnail\">\n\t\t<a href=\"https:\/\/www.endless-hills.de\/wp-content\/gallery\/kungfu-panda\/DSC_0841.jpg?t=1414926982\"\n\t\t\ttitle=\" \"\n\t\t\tdata-src=\"https:\/\/www.endless-hills.de\/wp-content\/gallery\/kungfu-panda\/DSC_0841.jpg?t=1414926982\"\n\t\t\tdata-thumbnail=\"https:\/\/www.endless-hills.de\/wp-content\/gallery\/kungfu-panda\/thumbs\/thumbs_DSC_0841.jpg?t=1414926982\"\n\t\t\tdata-image-id=\"5782\"\n\t\t\tdata-image-name=\"DSC_0841.jpg\"\n\t\t\tdata-title=\"DSC_0841\"\n\t\t\tdata-description=\" \"\n\t\t\tdata-image-slug=\"dsc_0841\"\n\t\t\t\t\t\t\t\t\t\t\t\t\t\t\t\t\t\t\t\tclass=\"shutterset_e76eb94587df7fe7ecc8645fc8f89dc2\">\n\t\t\t\t\t\t\t\t<img\n\t\t\t\t\ttitle=\"DSC_0841\"\n\t\t\t\t\talt=\"DSC_0841\"\n\t\t\t\t\tsrc=\"https:\/\/www.endless-hills.de\/wp-content\/gallery\/kungfu-panda\/thumbs\/thumbs_DSC_0841.jpg?t=1414926982\"\n\t\t\t\t\twidth=\"300\"\n\t\t\t\t\theight=\"300\"\n\t\t\t\t\tstyle=\"max-width:100%;\"\n\t\t\t\t\/>\n\t\t\t<\/a>\n\t\t<\/div>\n\t\t\t\t\t\t\t<\/div>\n\t\t\t\n\t\t\t\t<div id=\"ngg-image-18\" class=\"ngg-gallery-thumbnail-box\n\t\t\t\t\t\t\t\t\t\t\t\"\n\t\t\t>\n\t\t\t\t\t\t<div class=\"ngg-gallery-thumbnail\">\n\t\t<a href=\"https:\/\/www.endless-hills.de\/wp-content\/gallery\/kungfu-panda\/DSC_0721.JPG?t=1415217698\"\n\t\t\ttitle=\"\"\n\t\t\tdata-src=\"https:\/\/www.endless-hills.de\/wp-content\/gallery\/kungfu-panda\/DSC_0721.JPG?t=1415217698\"\n\t\t\tdata-thumbnail=\"https:\/\/www.endless-hills.de\/wp-content\/gallery\/kungfu-panda\/thumbs\/thumbs_DSC_0721.JPG?t=1415217698\"\n\t\t\tdata-image-id=\"5687\"\n\t\t\tdata-image-name=\"DSC_0721.JPG\"\n\t\t\tdata-title=\"DSC_0721\"\n\t\t\tdata-description=\"\"\n\t\t\tdata-image-slug=\"dsc_0721-4\"\n\t\t\t\t\t\t\t\t\t\t\t\t\t\t\t\t\t\t\t\tclass=\"shutterset_e76eb94587df7fe7ecc8645fc8f89dc2\">\n\t\t\t\t\t\t\t\t<img\n\t\t\t\t\ttitle=\"DSC_0721\"\n\t\t\t\t\talt=\"DSC_0721\"\n\t\t\t\t\tsrc=\"https:\/\/www.endless-hills.de\/wp-content\/gallery\/kungfu-panda\/thumbs\/thumbs_DSC_0721.JPG?t=1415217698\"\n\t\t\t\t\twidth=\"300\"\n\t\t\t\t\theight=\"300\"\n\t\t\t\t\tstyle=\"max-width:100%;\"\n\t\t\t\t\/>\n\t\t\t<\/a>\n\t\t<\/div>\n\t\t\t\t\t\t\t<\/div>\n\t\t\t\n\t\t\t\t<div id=\"ngg-image-19\" class=\"ngg-gallery-thumbnail-box\n\t\t\t\t\t\t\t\t\t\t\t\"\n\t\t\t>\n\t\t\t\t\t\t<div class=\"ngg-gallery-thumbnail\">\n\t\t<a href=\"https:\/\/www.endless-hills.de\/wp-content\/gallery\/kungfu-panda\/DSC_0842.jpg?t=1414926985\"\n\t\t\ttitle=\" \"\n\t\t\tdata-src=\"https:\/\/www.endless-hills.de\/wp-content\/gallery\/kungfu-panda\/DSC_0842.jpg?t=1414926985\"\n\t\t\tdata-thumbnail=\"https:\/\/www.endless-hills.de\/wp-content\/gallery\/kungfu-panda\/thumbs\/thumbs_DSC_0842.jpg?t=1414926985\"\n\t\t\tdata-image-id=\"5783\"\n\t\t\tdata-image-name=\"DSC_0842.jpg\"\n\t\t\tdata-title=\"DSC_0842\"\n\t\t\tdata-description=\" \"\n\t\t\tdata-image-slug=\"dsc_0842-3\"\n\t\t\t\t\t\t\t\t\t\t\t\t\t\t\t\t\t\t\t\tclass=\"shutterset_e76eb94587df7fe7ecc8645fc8f89dc2\">\n\t\t\t\t\t\t\t\t<img\n\t\t\t\t\ttitle=\"DSC_0842\"\n\t\t\t\t\talt=\"DSC_0842\"\n\t\t\t\t\tsrc=\"https:\/\/www.endless-hills.de\/wp-content\/gallery\/kungfu-panda\/thumbs\/thumbs_DSC_0842.jpg?t=1414926985\"\n\t\t\t\t\twidth=\"300\"\n\t\t\t\t\theight=\"300\"\n\t\t\t\t\tstyle=\"max-width:100%;\"\n\t\t\t\t\/>\n\t\t\t<\/a>\n\t\t<\/div>\n\t\t\t\t\t\t\t<\/div>\n\t\t\t\n\t\n\t<br style=\"clear: both\" \/>\n\n\t\t<div class=\"slideshowlink\">\n\t\t<a href='https:\/\/www.endless-hills.de\/index.php\/nggallery\/slideshow?page_id=6510'>[Zeige als Diashow]<\/a>\n\n\t<\/div>\n\t\n\t\t<!-- Pagination -->\n\t\t<div class='ngg-clear'><\/div>\t<\/div>\n<\/p>\n","protected":false},"excerpt":{"rendered":"<p>R\u00fcde &#8211; darksable Panda B\u00e4rchen wurde um 10.35 Uhr geboren. Seine Halskrause ist etwas feiner, aber komplett geschlossen. Er hat ein wei\u00dfes N\u00e4schen, das sieht so s\u00fc\u00df aus. Bei ihm ist es umgekehrt: Das linke Bein ist braun, das rechte wei\u00df. Er ist MDR1 +\/+, PRA +\/+, DM +\/- [Zeige als Diashow]<\/p>\n","protected":false},"author":3,"featured_media":0,"parent":7705,"menu_order":6,"comment_status":"closed","ping_status":"closed","template":"","meta":{"ngg_post_thumbnail":0,"footnotes":""},"class_list":["post-6510","page","type-page","status-publish","hentry"],"_links":{"self":[{"href":"https:\/\/www.endless-hills.de\/index.php?rest_route=\/wp\/v2\/pages\/6510","targetHints":{"allow":["GET"]}}],"collection":[{"href":"https:\/\/www.endless-hills.de\/index.php?rest_route=\/wp\/v2\/pages"}],"about":[{"href":"https:\/\/www.endless-hills.de\/index.php?rest_route=\/wp\/v2\/types\/page"}],"author":[{"embeddable":true,"href":"https:\/\/www.endless-hills.de\/index.php?rest_route=\/wp\/v2\/users\/3"}],"replies":[{"embeddable":true,"href":"https:\/\/www.endless-hills.de\/index.php?rest_route=%2Fwp%2Fv2%2Fcomments&post=6510"}],"version-history":[{"count":10,"href":"https:\/\/www.endless-hills.de\/index.php?rest_route=\/wp\/v2\/pages\/6510\/revisions"}],"predecessor-version":[{"id":7722,"href":"https:\/\/www.endless-hills.de\/index.php?rest_route=\/wp\/v2\/pages\/6510\/revisions\/7722"}],"up":[{"embeddable":true,"href":"https:\/\/www.endless-hills.de\/index.php?rest_route=\/wp\/v2\/pages\/7705"}],"wp:attachment":[{"href":"https:\/\/www.endless-hills.de\/index.php?rest_route=%2Fwp%2Fv2%2Fmedia&parent=6510"}],"curies":[{"name":"wp","href":"https:\/\/api.w.org\/{rel}","templated":true}]}}