{"id":4823,"date":"2013-06-23T10:29:31","date_gmt":"2013-06-23T09:29:31","guid":{"rendered":"http:\/\/www.endless-hills.de\/?page_id=4823"},"modified":"2017-08-25T13:29:51","modified_gmt":"2017-08-25T12:29:51","slug":"patty-lady-from-bruggener-land","status":"publish","type":"page","link":"https:\/\/www.endless-hills.de\/?page_id=4823","title":{"rendered":"Ch Patty Lady vom Br\u00fcggener Land"},"content":{"rendered":"<p>Dark Sable H\u00fcndin (Bitch) &#8211; Sanza<\/p>\n<p>geboren am 14. April 2013<\/p>\n<p><span style=\"color: #0000ff;\">MDR1 +\/+, DM N\/N Normal, CEA gen. Carrier(+\/-), CEA\/PRA\/KAT Puppytest DOK klin. frei, PRArcd2 N\/N, HD &#8211; A1,<\/span><\/p>\n<p><span style=\"color: #0000ff;\">vollzahnges Scherengebi\u00df, K\u00f6rklasse I, Wesenstest bestanden<\/span><\/p>\n<h3 style=\"text-align: center;\"><span style=\"color: #ff0000;\">\u00d6sterreichischer Champion<\/span><\/h3>\n<p style=\"text-align: left;\">Offene Klasse:<\/p>\n<p style=\"text-align: left;\"><span style=\"color: #ff0000;\">5 x V1 CAC -A, 2 x BOS, 1 x CACIB, 2 x ResCACIB<\/span><\/p>\n<p style=\"text-align: left;\"><span style=\"color: #ff0000;\">1 x V1 CAC<\/span><\/p>\n<p style=\"text-align: left;\">3 x V2 ResCAC<\/p>\n<div id=\"attachment_14367\" style=\"width: 710px\" class=\"wp-caption aligncenter\"><img loading=\"lazy\" decoding=\"async\" aria-describedby=\"caption-attachment-14367\" class=\"wp-image-14367\" src=\"http:\/\/www.endless-hills.de\/wp-content\/uploads\/2013\/06\/DSC_0557-1024x946.jpg\" alt=\"Sanza, 4 Jahre alt \" width=\"700\" height=\"646\" srcset=\"https:\/\/www.endless-hills.de\/wp-content\/uploads\/2013\/06\/DSC_0557-1024x946.jpg 1024w, https:\/\/www.endless-hills.de\/wp-content\/uploads\/2013\/06\/DSC_0557-300x277.jpg 300w, https:\/\/www.endless-hills.de\/wp-content\/uploads\/2013\/06\/DSC_0557-768x709.jpg 768w, https:\/\/www.endless-hills.de\/wp-content\/uploads\/2013\/06\/DSC_0557.jpg 1280w\" sizes=\"auto, (max-width: 700px) 100vw, 700px\" \/><p id=\"caption-attachment-14367\" class=\"wp-caption-text\">Sanza, 4 Jahre alt<\/p><\/div>\n<p>Unsere Sanza macht uns viel mehr als nur stolz!!! En Traumhund durch und durch: Lustig, aktiv, aufgeschlossen, freundlich, gewitzt, gewieft, clever, smart, charmant, frech,&#8230; Wenn sie m\u00f6chte, tut sie alles f\u00fcr ihre Familie \ud83d\ude09 Sie ist einfach perfekt: Sch\u00f6nheit und ein zauberhaftes Wesen, ein Multitalent im Ausstellungsring (sie erreichte ihren Championtitel auf nur 5 Ausstellungen innerhalb von genau 12 Monaten und brachte davor und dazwischen je einen Wurf zur Welt), sie ist eine sagenhafte Mutter, die es locker schafft ihre bisher je 8 gesunden und wundersch\u00f6nen Welpen zu hegen und zu pflegen, zu bespa\u00dfen und zu umsorgen und perfekt zu sozialisieren. Was sollte man sich denn mehr w\u00fcnschen??? Als Mensch, als Hundefreund, als Liebhaber, als Z\u00fcchter? Einige ihrer Kinder bereichern verschiedene Zuchtst\u00e4tten oder stehen als Deckr\u00fcden zur Verf\u00fcgung (Kim Gloss, Kung Fu Panda, Kaptain Nemo, Oh my little Hero, eventuell werden weitere aus dem Q-Wurf folgen! ) Wenn wir k\u00f6nnten w\u00fcrden wir diesen einzigartigen Hund mehrfach klonen! Lassen wir uns \u00fcberraschen ob wir dies in ihrer Zuchtkarriere ab und an erreichen k\u00f6nnen. Die Colliewelt w\u00e4re einfach noch ein klein wenig wundervoller, wenn uns dies gel\u00e4nge:) Nach ihrem 3. und wie f\u00fcr jede unserer gesch\u00e4tzten H\u00fcndinnen somit allerletzten Wurf verabschieden wir unseren Traum in den wohlverdienten Ruhestand &lt;3 Wir hoffen auf ihre Kinder und Enkel in Zukunft weiter aufbauen zu k\u00f6nnen \ud83d\ude42<\/p>\n<div id=\"attachment_13590\" style=\"width: 235px\" class=\"wp-caption aligncenter\"><img loading=\"lazy\" decoding=\"async\" aria-describedby=\"caption-attachment-13590\" class=\"wp-image-13590 size-medium\" src=\"http:\/\/www.endless-hills.de\/wp-content\/uploads\/2013\/06\/image10-e1467398307914-225x300.jpg\" alt=\"Sanza ist Champion &lt;3\" width=\"225\" height=\"300\" srcset=\"https:\/\/www.endless-hills.de\/wp-content\/uploads\/2013\/06\/image10-e1467398307914-225x300.jpg 225w, https:\/\/www.endless-hills.de\/wp-content\/uploads\/2013\/06\/image10-e1467398307914-768x1024.jpg 768w\" sizes=\"auto, (max-width: 225px) 100vw, 225px\" \/><p id=\"caption-attachment-13590\" class=\"wp-caption-text\">Sanza ist Champion &lt;3<\/p><\/div>\n<h3 style=\"text-align: center;\">Ahnentafel<\/h3>\n<p style=\"text-align: center;\"><a href=\"http:\/\/www.endless-hills.de\/wp-content\/uploads\/2013\/06\/ahnentafel-pancho.jpg\"><img loading=\"lazy\" decoding=\"async\" class=\"aligncenter size-full wp-image-4817\" src=\"http:\/\/www.endless-hills.de\/wp-content\/uploads\/2013\/06\/ahnentafel-pancho.jpg\" alt=\"ahnentafel pancho\" width=\"565\" height=\"557\" srcset=\"https:\/\/www.endless-hills.de\/wp-content\/uploads\/2013\/06\/ahnentafel-pancho.jpg 565w, https:\/\/www.endless-hills.de\/wp-content\/uploads\/2013\/06\/ahnentafel-pancho-100x100.jpg 100w, https:\/\/www.endless-hills.de\/wp-content\/uploads\/2013\/06\/ahnentafel-pancho-300x295.jpg 300w\" sizes=\"auto, (max-width: 565px) 100vw, 565px\" \/><\/a><\/p>\n<h3 style=\"text-align: center;\">Bildgalerie<\/h3>\n<p style=\"text-align: center;\">ngg_shortcode_0_placeholder<\/p>\n<p style=\"text-align: center;\">Unsere wundervolle Sanza ist Mama unseres K -Wurfes, O -Wurfes und Q -Wurfes<\/p>\n<p style=\"text-align: center;\">Ihre S\u00f6hne Kaptain Nemo und Kung Fu Panda of endless hills und ihre Tochter Kim Gloss of endless hills bereichern bereits verschiedene Zuchtst\u00e4tten. Oh my Little Hero steht als Deckr\u00fcde zur Verf\u00fcgung und aus dem Q Wurf hoffen wir auf 3-4 die Zucht positiv weiter verst\u00e4rkende Kinder.Wir freuen uns sehr und w\u00fcnschen den Besitzern alles Liebe und ganz viel Erfolg!&nbsp;<\/p>\n<p>&nbsp;<\/p>\n","protected":false},"excerpt":{"rendered":"<p>Dark Sable H\u00fcndin (Bitch) &#8211; Sanza geboren am 14. April 2013 MDR1 +\/+, DM N\/N Normal, CEA gen. Carrier(+\/-), CEA\/PRA\/KAT Puppytest DOK klin. frei, PRArcd2 N\/N, HD &#8211; A1, vollzahnges Scherengebi\u00df, K\u00f6rklasse I, Wesenstest bestanden \u00d6sterreichischer Champion Offene Klasse: 5 x V1 CAC -A, 2 x BOS, 1 x CACIB, 2 x ResCACIB 1 x [&hellip;]<\/p>\n","protected":false},"author":3,"featured_media":0,"parent":4669,"menu_order":3,"comment_status":"closed","ping_status":"closed","template":"","meta":{"ngg_post_thumbnail":0,"footnotes":""},"class_list":["post-4823","page","type-page","status-publish","hentry"],"_links":{"self":[{"href":"https:\/\/www.endless-hills.de\/index.php?rest_route=\/wp\/v2\/pages\/4823","targetHints":{"allow":["GET"]}}],"collection":[{"href":"https:\/\/www.endless-hills.de\/index.php?rest_route=\/wp\/v2\/pages"}],"about":[{"href":"https:\/\/www.endless-hills.de\/index.php?rest_route=\/wp\/v2\/types\/page"}],"author":[{"embeddable":true,"href":"https:\/\/www.endless-hills.de\/index.php?rest_route=\/wp\/v2\/users\/3"}],"replies":[{"embeddable":true,"href":"https:\/\/www.endless-hills.de\/index.php?rest_route=%2Fwp%2Fv2%2Fcomments&post=4823"}],"version-history":[{"count":31,"href":"https:\/\/www.endless-hills.de\/index.php?rest_route=\/wp\/v2\/pages\/4823\/revisions"}],"predecessor-version":[{"id":16956,"href":"https:\/\/www.endless-hills.de\/index.php?rest_route=\/wp\/v2\/pages\/4823\/revisions\/16956"}],"up":[{"embeddable":true,"href":"https:\/\/www.endless-hills.de\/index.php?rest_route=\/wp\/v2\/pages\/4669"}],"wp:attachment":[{"href":"https:\/\/www.endless-hills.de\/index.php?rest_route=%2Fwp%2Fv2%2Fmedia&parent=4823"}],"curies":[{"name":"wp","href":"https:\/\/api.w.org\/{rel}","templated":true}]}}