{"id":3370,"date":"2012-03-04T12:55:52","date_gmt":"2012-03-04T11:55:52","guid":{"rendered":"http:\/\/www.endless-hills.de\/?page_id=3370"},"modified":"2015-05-08T15:02:17","modified_gmt":"2015-05-08T14:02:17","slug":"therapiehunde","status":"publish","type":"page","link":"https:\/\/www.endless-hills.de\/?page_id=3370","title":{"rendered":"Therapiehunde"},"content":{"rendered":"<p>Wir freuen uns aus unserer Zucht auch einige wunderbare Therapiehunde hervorgebracht zu haben:<\/p>\n<p>&nbsp;<\/p>\n<h3><span style=\"color: #0000ff;\">Fame Monster of endless hills <span style=\"color: #000000;\">&#8211; genannt Monster<\/span><\/span><\/h3>\n<div id=\"attachment_3916\" style=\"width: 591px\" class=\"wp-caption aligncenter\"><a href=\"http:\/\/www.endless-hills.de\/wp-content\/uploads\/2010\/09\/DSC_0386.jpg\"><img loading=\"lazy\" decoding=\"async\" aria-describedby=\"caption-attachment-3916\" class=\" wp-image-3916 \" src=\"http:\/\/www.endless-hills.de\/wp-content\/uploads\/2010\/09\/DSC_0386.jpg\" alt=\"Fame Monster of endless Hills - V1 Schwaben Jugendsieger\" width=\"581\" height=\"389\" srcset=\"https:\/\/www.endless-hills.de\/wp-content\/uploads\/2010\/09\/DSC_0386.jpg 968w, https:\/\/www.endless-hills.de\/wp-content\/uploads\/2010\/09\/DSC_0386-300x200.jpg 300w\" sizes=\"auto, (max-width: 581px) 100vw, 581px\" \/><\/a><p id=\"caption-attachment-3916\" class=\"wp-caption-text\">Fame Monster of endless Hills &#8211; V1 Schwaben Jugendsieger<\/p><\/div>\n<p>Monster begleitet sein Frauchen mehrmals die Woche auf die Palliativ Stationen M\u00fcnchner Krankenh\u00e4user und macht dort sehr viele Menschen und Kinder gl\u00fccklich und begleitet diese! Vielen Dank f\u00fcr die tolle und wertvolle Aufgabe liebe Sophie, die du mit Monster dort erf\u00fcllst!<\/p>\n<h3><span style=\"color: #0000ff;\">Hot Legs Paris of endless hills<span style=\"color: #000000;\"> &#8211; gen<\/span><\/span><span style=\"color: #000000;\">annt Ziva<\/span><\/h3>\n<p><a href=\"http:\/\/www.endless-hills.de\/wp-content\/uploads\/2010\/09\/Paris1.jpg\"><img loading=\"lazy\" decoding=\"async\" class=\"aligncenter size-full wp-image-4218\" src=\"http:\/\/www.endless-hills.de\/wp-content\/uploads\/2010\/09\/Paris1.jpg\" alt=\"Paris\" width=\"299\" height=\"200\" \/><\/a><\/p>\n<p>Lieber Timo, wir w\u00fcnschen dir alles erdenklich Gute auf deinem Weg mit Ziva zum Therapiebegleithund!!! Nun hoffen wir, dass auch Arthos euren Erwartungen gerecht wird;)<\/p>\n<h3><span style=\"color: #0000ff;\">Jamba Music of endless hills<\/span> &#8211; genannt Arthos<\/h3>\n<div id=\"attachment_9021\" style=\"width: 536px\" class=\"wp-caption aligncenter\"><img loading=\"lazy\" decoding=\"async\" aria-describedby=\"caption-attachment-9021\" class=\"size-full wp-image-9021\" src=\"http:\/\/www.endless-hills.de\/wp-content\/uploads\/2012\/03\/10269468_681434391925346_8766296393892340382_n.jpg\" alt=\"Rathaus und Ziva\" width=\"526\" height=\"394\" srcset=\"https:\/\/www.endless-hills.de\/wp-content\/uploads\/2012\/03\/10269468_681434391925346_8766296393892340382_n.jpg 526w, https:\/\/www.endless-hills.de\/wp-content\/uploads\/2012\/03\/10269468_681434391925346_8766296393892340382_n-300x225.jpg 300w\" sizes=\"auto, (max-width: 526px) 100vw, 526px\" \/><p id=\"caption-attachment-9021\" class=\"wp-caption-text\">Jamba Music und Hot Legs Paris of endless hills<\/p><\/div>\n<h3><span style=\"color: #0000ff;\">Ginger give me Five of endless hills <\/span><span style=\"color: #000000;\">&#8211; genannt <\/span>Ginger<\/h3>\n<div id=\"attachment_3746\" style=\"width: 650px\" class=\"wp-caption aligncenter\"><a href=\"http:\/\/www.endless-hills.de\/wp-content\/uploads\/2010\/09\/101.jpg\"><img loading=\"lazy\" decoding=\"async\" aria-describedby=\"caption-attachment-3746\" class=\" wp-image-3746 \" src=\"http:\/\/www.endless-hills.de\/wp-content\/uploads\/2010\/09\/101.jpg\" alt=\"Ginger genau 6 Wochen alt!\" width=\"640\" height=\"429\" srcset=\"https:\/\/www.endless-hills.de\/wp-content\/uploads\/2010\/09\/101.jpg 800w, https:\/\/www.endless-hills.de\/wp-content\/uploads\/2010\/09\/101-300x201.jpg 300w\" sizes=\"auto, (max-width: 640px) 100vw, 640px\" \/><\/a><p id=\"caption-attachment-3746\" class=\"wp-caption-text\">Ginger genau 6 Wochen alt!<\/p><\/div>\n<p>Liebe Linda, viel Spa\u00df und Freude und weiterhin ganz viel Erfolg mit Ginger als E-Schul Therapiehund. Herzlichen Gl\u00fcckwunsch zur amtlichen Best\u00e4tigung!!!<\/p>\n<p>&nbsp;<\/p>\n<h3><span style=\"color: #0000ff;\">Cheeky Cinimini of endless hills\u00a0 &#8211; <span style=\"color: #000000;\">genannt Chester<\/span><\/span><\/h3>\n<p><span style=\"color: #0000ff;\"><span style=\"color: #000000;\">Wir gratulieren Frau Doris Stiebeiner, die ihn mit Flei\u00df und M\u00fche dazu ausgebildet hat! Altenpflege Therapie &#8211; und Besuchshund in Altenheimen.<\/span><\/span><\/p>\n<p>&nbsp;<\/p>\n<div id=\"attachment_3372\" style=\"width: 310px\" class=\"wp-caption aligncenter\"><img loading=\"lazy\" decoding=\"async\" aria-describedby=\"caption-attachment-3372\" class=\"size-medium wp-image-3372\" title=\"ad9074173a31c1cdffff8131ffffffef\" src=\"http:\/\/www.endless-hills.de\/wp-content\/uploads\/2012\/03\/ad9074173a31c1cdffff8131ffffffef1-300x225.jpg\" alt=\"\" width=\"300\" height=\"225\" srcset=\"https:\/\/www.endless-hills.de\/wp-content\/uploads\/2012\/03\/ad9074173a31c1cdffff8131ffffffef1-300x225.jpg 300w, https:\/\/www.endless-hills.de\/wp-content\/uploads\/2012\/03\/ad9074173a31c1cdffff8131ffffffef1.jpg 450w\" sizes=\"auto, (max-width: 300px) 100vw, 300px\" \/><p id=\"caption-attachment-3372\" class=\"wp-caption-text\">Cheeky Cinimini of endless hills<\/p><\/div>\n<p>&nbsp;<\/p>\n","protected":false},"excerpt":{"rendered":"<p>Wir freuen uns aus unserer Zucht auch einige wunderbare Therapiehunde hervorgebracht zu haben: &nbsp; Fame Monster of endless hills &#8211; genannt Monster Monster begleitet sein Frauchen mehrmals die Woche auf die Palliativ Stationen M\u00fcnchner Krankenh\u00e4user und macht dort sehr viele Menschen und Kinder gl\u00fccklich und begleitet diese! Vielen Dank f\u00fcr die tolle und wertvolle Aufgabe [&hellip;]<\/p>\n","protected":false},"author":3,"featured_media":0,"parent":10,"menu_order":4,"comment_status":"closed","ping_status":"closed","template":"","meta":{"ngg_post_thumbnail":0,"footnotes":""},"class_list":["post-3370","page","type-page","status-publish","hentry"],"_links":{"self":[{"href":"https:\/\/www.endless-hills.de\/index.php?rest_route=\/wp\/v2\/pages\/3370","targetHints":{"allow":["GET"]}}],"collection":[{"href":"https:\/\/www.endless-hills.de\/index.php?rest_route=\/wp\/v2\/pages"}],"about":[{"href":"https:\/\/www.endless-hills.de\/index.php?rest_route=\/wp\/v2\/types\/page"}],"author":[{"embeddable":true,"href":"https:\/\/www.endless-hills.de\/index.php?rest_route=\/wp\/v2\/users\/3"}],"replies":[{"embeddable":true,"href":"https:\/\/www.endless-hills.de\/index.php?rest_route=%2Fwp%2Fv2%2Fcomments&post=3370"}],"version-history":[{"count":10,"href":"https:\/\/www.endless-hills.de\/index.php?rest_route=\/wp\/v2\/pages\/3370\/revisions"}],"predecessor-version":[{"id":9022,"href":"https:\/\/www.endless-hills.de\/index.php?rest_route=\/wp\/v2\/pages\/3370\/revisions\/9022"}],"up":[{"embeddable":true,"href":"https:\/\/www.endless-hills.de\/index.php?rest_route=\/wp\/v2\/pages\/10"}],"wp:attachment":[{"href":"https:\/\/www.endless-hills.de\/index.php?rest_route=%2Fwp%2Fv2%2Fmedia&parent=3370"}],"curies":[{"name":"wp","href":"https:\/\/api.w.org\/{rel}","templated":true}]}}