{"id":3340,"date":"2012-02-28T17:57:44","date_gmt":"2012-02-28T16:57:44","guid":{"rendered":"http:\/\/www.endless-hills.de\/?page_id=3340"},"modified":"2013-01-11T21:10:21","modified_gmt":"2013-01-11T20:10:21","slug":"unsere-sportlichen","status":"publish","type":"page","link":"https:\/\/www.endless-hills.de\/?page_id=3340","title":{"rendered":"Erfolge im Hundesport"},"content":{"rendered":"<p>Aus unserer Zucht gingen bisher auch\u00a0viele sportliche Collies hervor, die uns unheimlich stolz machen. Diese Seite widmet sich ganz dem Thema:\u00a0 &#8222;Was ein Collie oder Sheltie leisten kann&#8220; oder &#8222;Eine vielf\u00e4ltig Rasse&#8220;<\/p>\n<p><span style=\"color: #0000ff;\"><strong>Herzlichste Gl\u00fcckw\u00fcnsche an alle unsere Hundesportler !<\/strong><\/span><\/p>\n<h3>Amy loved by you of endless hills ist\u00a0im Zwinger vom Waldecker Tor zu Hause<\/h3>\n<p>&nbsp;<\/p>\n<h3>Ergebnisse im Turnierhundsport 2009<\/h3>\n<table width=\"100%\" border=\"0\" cellspacing=\"0\" cellpadding=\"0\">\n<tbody>\n<tr>\n<td>10.05.2009 Turnierhundsportfest Paderborner Hundefreunde<\/td>\n<td>Hindernislauf<\/p>\n<p>CSC Mannschaft<\/td>\n<td>1. Platz<\/p>\n<p>4. Platz<\/td>\n<\/tr>\n<tr>\n<td>24.05.2009 Turnierhundsportfest GHSV Schlangen<\/td>\n<td>Vierkampf I<\/p>\n<p>Hindernislauf<\/td>\n<td>1. Platz<\/p>\n<p>4. Platz<\/td>\n<\/tr>\n<tr>\n<td>07.06.2009 Turnierhundsportfest Brakeler Hundefreunde<\/td>\n<td>Hindernislauf<\/p>\n<p>Vierkampf I<\/td>\n<td>2. Platz<\/p>\n<p>4. Platz<\/td>\n<\/tr>\n<tr>\n<td>30.08.2009 Breitensportturnier Brakeler Hundefreunde<\/td>\n<td>Vierkampf IHindernislauf<\/td>\n<td>1. Platz<\/p>\n<p>1. Platz<\/td>\n<\/tr>\n<tr>\n<td>31.10.2009 Fackelturnier Partner Hund Bad Salzuflen<\/td>\n<td>Vierkampf IShorty<\/td>\n<td>1. Platz<\/p>\n<p>5. Platz<\/td>\n<\/tr>\n<\/tbody>\n<\/table>\n<h3>Ergebnisse im Turnierhundsport 2010<\/h3>\n<table width=\"100%\" border=\"0\" cellspacing=\"0\" cellpadding=\"0\">\n<tbody>\n<tr>\n<td>18.04.2010 Turnierhundsportfest GHSV Schlangen<\/td>\n<td>Hindernislauf<\/p>\n<p>Vierkampf I<\/td>\n<td>2. Platz<\/p>\n<p>2. Platz<\/td>\n<\/tr>\n<tr>\n<td>09.05.2010 Turnierhundsportfest Hundesportverein Oerlinghausen<\/td>\n<td>Hindernislauf<\/p>\n<p>Vierkampf I<\/td>\n<td>1. Platz3. Platz<\/td>\n<\/tr>\n<tr>\n<td>16.05.2010 Turnierhundsportfest Paderborner Hundefreunde e.V.<\/td>\n<td>HindernislaufVierkampf I<\/td>\n<td>1. Platz<\/p>\n<p>1. Platz<\/td>\n<\/tr>\n<tr>\n<td>06.06.2010 Turnierhundsportfest Brakeler Hundefreunde<\/td>\n<td>Hindernislauf<\/p>\n<p>Vierkampf I<\/td>\n<td>1. Platz<\/p>\n<p>2. Platz<\/td>\n<\/tr>\n<\/tbody>\n<\/table>\n<h3>Ergebnisse im Turnierhundsport 2011<\/h3>\n<table width=\"100%\" border=\"0\" cellspacing=\"0\" cellpadding=\"0\">\n<tbody>\n<tr>\n<td>15.05.2011 Turnierhundsportfest Paderborner Hundefreunde e.V.<\/td>\n<td>Hindernislauf<\/p>\n<p>Vierkampf I<\/td>\n<td>1. Platz<\/p>\n<p>1. Platz<\/td>\n<\/tr>\n<tr>\n<td>11.09.2011 Turnierhundsportfest Brakeler Hundefreunde<\/td>\n<td>Hindernislauf<\/p>\n<p>Vierkampf I<\/td>\n<td>1. Platz<\/p>\n<p>1. Platz<\/td>\n<\/tr>\n<\/tbody>\n<\/table>\n<h3>\u00a0<\/h3>\n<p>Ergebnisse im Turnierhundsport<br \/>\n2012<br \/>\n20.05.2012 Turnierhundsportfest<\/p>\n<p>GHSV Schlangen<br \/>\nHindernislauf<\/p>\n<p>Vierkampf I<br \/>\n1. Platz<\/p>\n<p>o. B.<\/p>\n<p>27.05.2012 Turnierhundsportfest<\/p>\n<p>Brakeler Hundefreunde e.V.<br \/>\nHindernislauf<\/p>\n<p>Vierkampf I<br \/>\n1. Platz<\/p>\n<p>2. Platz<\/p>\n<p>01.07.2012 Turnierhundsportfest<\/p>\n<p>HSG Marsberg e.V.<br \/>\nHindernislauf (mit Marvin, 8 Jahre)<\/p>\n<p>Vierkampf I<br \/>\n1. Platz<\/p>\n<p>1. Platz<\/p>\n<p>26.08.2012 Turnierhundsportfest<\/p>\n<p>Brakeler Hundefreunde e.V.<br \/>\nHindernislauf<\/p>\n<p>CSC<br \/>\n1. Platz<\/p>\n<p>2. Platz<\/p>\n","protected":false},"excerpt":{"rendered":"<p>Aus unserer Zucht gingen bisher auch\u00a0viele sportliche Collies hervor, die uns unheimlich stolz machen. Diese Seite widmet sich ganz dem Thema:\u00a0 &#8222;Was ein Collie oder Sheltie leisten kann&#8220; oder &#8222;Eine vielf\u00e4ltig Rasse&#8220; Herzlichste Gl\u00fcckw\u00fcnsche an alle unsere Hundesportler ! Amy loved by you of endless hills ist\u00a0im Zwinger vom Waldecker Tor zu Hause &nbsp; Ergebnisse [&hellip;]<\/p>\n","protected":false},"author":3,"featured_media":0,"parent":10,"menu_order":3,"comment_status":"closed","ping_status":"closed","template":"","meta":{"ngg_post_thumbnail":0,"footnotes":""},"class_list":["post-3340","page","type-page","status-publish","hentry"],"_links":{"self":[{"href":"https:\/\/www.endless-hills.de\/index.php?rest_route=\/wp\/v2\/pages\/3340","targetHints":{"allow":["GET"]}}],"collection":[{"href":"https:\/\/www.endless-hills.de\/index.php?rest_route=\/wp\/v2\/pages"}],"about":[{"href":"https:\/\/www.endless-hills.de\/index.php?rest_route=\/wp\/v2\/types\/page"}],"author":[{"embeddable":true,"href":"https:\/\/www.endless-hills.de\/index.php?rest_route=\/wp\/v2\/users\/3"}],"replies":[{"embeddable":true,"href":"https:\/\/www.endless-hills.de\/index.php?rest_route=%2Fwp%2Fv2%2Fcomments&post=3340"}],"version-history":[{"count":13,"href":"https:\/\/www.endless-hills.de\/index.php?rest_route=\/wp\/v2\/pages\/3340\/revisions"}],"predecessor-version":[{"id":3342,"href":"https:\/\/www.endless-hills.de\/index.php?rest_route=\/wp\/v2\/pages\/3340\/revisions\/3342"}],"up":[{"embeddable":true,"href":"https:\/\/www.endless-hills.de\/index.php?rest_route=\/wp\/v2\/pages\/10"}],"wp:attachment":[{"href":"https:\/\/www.endless-hills.de\/index.php?rest_route=%2Fwp%2Fv2%2Fmedia&parent=3340"}],"curies":[{"name":"wp","href":"https:\/\/api.w.org\/{rel}","templated":true}]}}