{"id":2672,"date":"2011-05-30T07:55:50","date_gmt":"2011-05-30T06:55:50","guid":{"rendered":"http:\/\/www.collies-of-endless-hills.de\/?page_id=2672"},"modified":"2011-05-30T08:01:19","modified_gmt":"2011-05-30T07:01:19","slug":"der-sheltie","status":"publish","type":"page","link":"https:\/\/www.endless-hills.de\/?page_id=2672","title":{"rendered":"Der Sheltie"},"content":{"rendered":"<h3>Allgemeines zum Shetland Sheepdog (Sheltie)<\/h3>\n<p>Laut Standard sollten R\u00fcden 37 cm gro\u00df und H\u00fcndinnen 35,5 cm gro\u00df sein, wobei Abweichungen von 2,5 cm nach oben und unten toleriert werden. In Bezug auf die Gr\u00f6\u00dfe sind Shelties allerdings sehr variabel, so dass es auch Hunde gibt, die deutlich gr\u00f6\u00dfer oder kleiner sind. Der Shetland Sheepdog ist ein langhaariger Hund ohne jede Plump- und Grobheit sowie wohl proportioniert. \u00dcppiges Haarkleid, M\u00e4hne und Halskrause in den Farben: Zobel-wei\u00df\/Sable (fr\u00fcher gelb-wei\u00df), dunkel zobel-wei\u00df (mahagonifarben)\/ Darksable oder shaded sable, Tricolour (dreifarbig:schwarz, wei\u00df, braun), Schwarz-wei\u00df\/ bi-black, blue merle (silbriges Grau mit schwarzen Flecken oder schwarzmarmorierter Zeichnung, wei\u00df, tan) und Blue merle ohne Tan\/bi-blue, fr\u00fcher black and tan (schwarz-braun ohne wei\u00dfe Abzeichen &#8211; mittlerweile ausgestorben). Er ist optisch gewisserma\u00dfen die Kleinausf\u00fchrung des Collie.<\/p>\n<p>Dank der d\u00fcnnen und glatten Haare, die nicht verfilzen und kaum Schmutz aufnehmen, ist der Sheltie nicht besonders pflegeaufwendig \u2013 ein t\u00e4gliches B\u00fcrsten oder K\u00e4mmen ist nicht erforderlich.<\/p>\n<p>Der Sheltie stammt von den Shetlandinseln im Nordosten Schottlands und ist ein Kreuzungsprodukt aus Border-Collie und von Walf\u00e4ngern mitgebrachten Gr\u00f6nlandhunden, das man sp\u00e4ter durch Collies verfeinerte. Nach einer alten Geschichte soll auch die Rasse King Charles Spaniel am Zuchtvorgang beteiligt sein.<\/p>\n<h3>Geschichtliches und Herkunft<\/h3>\n<p>Ende des 19. Jahrhunderts wurde der Sheltie in Gro\u00dfbritannien eingef\u00fchrt. 1909 gr\u00fcndeten Z\u00fcchter in Lerwick den <em>Shetland Collie Club<\/em>, dessen Mitglieder den <em>Collie en miniature<\/em> z\u00fcchten wollten. Das stie\u00df auf den energischen Widerstand der Colliez\u00fcchter, zumal der Sheltie seinerzeit keinesfalls einen einheitlichen Typ verk\u00f6rperte. So kam es, dass seine offizielle Anerkennung durch den Kennel Club erst 1914 erfolgte. Noch heute ist seine Zuchtbasis, obwohl er ein beliebter Haushund ist, bedeutend geringer als die des Collies.<\/p>\n<p>In Deutschland wird die Rasse vertreten durch den Club f\u00fcr Britische H\u00fctehunde im Verband f\u00fcr das Deutsche Hundewesen (VDH).<\/p>\n<h3>Wesen<\/h3>\n<p>Der Shetland Sheepdog ist intelligent, gutm\u00fctig, lernfreudig und -willig. Fremden gegen\u00fcber reserviert, nicht \u00e4ngstlich.<\/p>\n","protected":false},"excerpt":{"rendered":"<p>Allgemeines zum Shetland Sheepdog (Sheltie) Laut Standard sollten R\u00fcden 37 cm gro\u00df und H\u00fcndinnen 35,5 cm gro\u00df sein, wobei Abweichungen von 2,5 cm nach oben und unten toleriert werden. In Bezug auf die Gr\u00f6\u00dfe sind Shelties allerdings sehr variabel, so dass es auch Hunde gibt, die deutlich gr\u00f6\u00dfer oder kleiner sind. Der Shetland Sheepdog ist [&hellip;]<\/p>\n","protected":false},"author":3,"featured_media":0,"parent":2676,"menu_order":2,"comment_status":"closed","ping_status":"closed","template":"","meta":{"ngg_post_thumbnail":0,"footnotes":""},"class_list":["post-2672","page","type-page","status-publish","hentry"],"_links":{"self":[{"href":"https:\/\/www.endless-hills.de\/index.php?rest_route=\/wp\/v2\/pages\/2672","targetHints":{"allow":["GET"]}}],"collection":[{"href":"https:\/\/www.endless-hills.de\/index.php?rest_route=\/wp\/v2\/pages"}],"about":[{"href":"https:\/\/www.endless-hills.de\/index.php?rest_route=\/wp\/v2\/types\/page"}],"author":[{"embeddable":true,"href":"https:\/\/www.endless-hills.de\/index.php?rest_route=\/wp\/v2\/users\/3"}],"replies":[{"embeddable":true,"href":"https:\/\/www.endless-hills.de\/index.php?rest_route=%2Fwp%2Fv2%2Fcomments&post=2672"}],"version-history":[{"count":4,"href":"https:\/\/www.endless-hills.de\/index.php?rest_route=\/wp\/v2\/pages\/2672\/revisions"}],"predecessor-version":[{"id":2675,"href":"https:\/\/www.endless-hills.de\/index.php?rest_route=\/wp\/v2\/pages\/2672\/revisions\/2675"}],"up":[{"embeddable":true,"href":"https:\/\/www.endless-hills.de\/index.php?rest_route=\/wp\/v2\/pages\/2676"}],"wp:attachment":[{"href":"https:\/\/www.endless-hills.de\/index.php?rest_route=%2Fwp%2Fv2%2Fmedia&parent=2672"}],"curies":[{"name":"wp","href":"https:\/\/api.w.org\/{rel}","templated":true}]}}