{"id":20583,"date":"2020-09-06T19:10:51","date_gmt":"2020-09-06T18:10:51","guid":{"rendered":"http:\/\/www.endless-hills.de\/?page_id=20583"},"modified":"2020-11-30T22:02:59","modified_gmt":"2020-11-30T21:02:59","slug":"paint-the-world-du-clos-de-sea-wind","status":"publish","type":"page","link":"https:\/\/www.endless-hills.de\/?page_id=20583","title":{"rendered":"JCH Paint The World du Clos de Sea-Wind"},"content":{"rendered":"<p>blue merle R\u00fcde (Dog) \u2013 Lennox<\/p>\n<p>geboren am 30. Juli 2019<\/p>\n<p><span style=\"color: #ff0000;\">Deutscher Jugendchampion Club &amp; VDH<\/span><\/p>\n<p><span style=\"color: #ff0000;\">3xV1 J-CAC<\/span><\/p>\n<p><span style=\"color: #ff0000;\">Bester Junghund , Jugend BOB, bester R\u00fcde und BOS<\/span><\/p>\n<p>&nbsp;<\/p>\n<p>CEA\/PRA\/KAT klinisch frei, MDR1 +\/+, DM \u2013 N\/N (frei), PRA N\/N (frei), IPD N\/N, HD -B, vollzahniges korrektes Scherengebi\u00df, nat\u00fcrliche Kippohren, 57 cm<\/p>\n<p>pedigree &#8211;<a href=\"http:\/\/www.collie-online.com\/pedigree\/genealogie_id.php?id=66964\">click<\/a>&#8211;<\/p>\n<p>K\u00f6rbericht :<\/p>\n<p>Vorz\u00fcglich aufgebauter sehr attraktiver R\u00fcde, kompakt und kr\u00e4ftig, maskuliner Kopf, mandelf\u00f6rmige Augen, Ohren korrekt angesetzt und gut gekippt getragen, kr\u00e4ftige Brust, sehr gut geschlossene Pfoten, vorz\u00fcglich gewinkelt, rassetypisch in der Bewegung, sehr freundlich im Verhalten (Kerstin Selle)<\/p>\n<p><img loading=\"lazy\" decoding=\"async\" class=\"aligncenter wp-image-20635 \" src=\"http:\/\/www.endless-hills.de\/wp-content\/uploads\/2020\/10\/Lennox12-e1605214257643.jpg\" alt=\"\" width=\"518\" height=\"465\" srcset=\"https:\/\/www.endless-hills.de\/wp-content\/uploads\/2020\/10\/Lennox12-e1605214257643.jpg 3930w, https:\/\/www.endless-hills.de\/wp-content\/uploads\/2020\/10\/Lennox12-e1605214257643-300x269.jpg 300w, https:\/\/www.endless-hills.de\/wp-content\/uploads\/2020\/10\/Lennox12-e1605214257643-768x688.jpg 768w, https:\/\/www.endless-hills.de\/wp-content\/uploads\/2020\/10\/Lennox12-e1605214257643-1024x917.jpg 1024w, https:\/\/www.endless-hills.de\/wp-content\/uploads\/2020\/10\/Lennox12-e1605214257643-1536x1376.jpg 1536w, https:\/\/www.endless-hills.de\/wp-content\/uploads\/2020\/10\/Lennox12-e1605214257643-2048x1834.jpg 2048w\" sizes=\"auto, (max-width: 518px) 100vw, 518px\" \/><\/p>\n<p>Lennox wohnt bei uns zu Hause und steht geeigneten H\u00fcndinnen zum Decken zur Verf\u00fcgung<\/p>\n<p>&nbsp;<\/p>\nngg_shortcode_0_placeholder\n","protected":false},"excerpt":{"rendered":"<p>blue merle R\u00fcde (Dog) \u2013 Lennox geboren am 30. Juli 2019 Deutscher Jugendchampion Club &amp; VDH 3xV1 J-CAC Bester Junghund , Jugend BOB, bester R\u00fcde und BOS &nbsp; CEA\/PRA\/KAT klinisch frei, MDR1 +\/+, DM \u2013 N\/N (frei), PRA N\/N (frei), IPD N\/N, HD -B, vollzahniges korrektes Scherengebi\u00df, nat\u00fcrliche Kippohren, 57 cm pedigree &#8211;click&#8211; K\u00f6rbericht : [&hellip;]<\/p>\n","protected":false},"author":3,"featured_media":0,"parent":4702,"menu_order":5,"comment_status":"closed","ping_status":"closed","template":"","meta":{"ngg_post_thumbnail":0,"footnotes":""},"class_list":["post-20583","page","type-page","status-publish","hentry"],"_links":{"self":[{"href":"https:\/\/www.endless-hills.de\/index.php?rest_route=\/wp\/v2\/pages\/20583","targetHints":{"allow":["GET"]}}],"collection":[{"href":"https:\/\/www.endless-hills.de\/index.php?rest_route=\/wp\/v2\/pages"}],"about":[{"href":"https:\/\/www.endless-hills.de\/index.php?rest_route=\/wp\/v2\/types\/page"}],"author":[{"embeddable":true,"href":"https:\/\/www.endless-hills.de\/index.php?rest_route=\/wp\/v2\/users\/3"}],"replies":[{"embeddable":true,"href":"https:\/\/www.endless-hills.de\/index.php?rest_route=%2Fwp%2Fv2%2Fcomments&post=20583"}],"version-history":[{"count":13,"href":"https:\/\/www.endless-hills.de\/index.php?rest_route=\/wp\/v2\/pages\/20583\/revisions"}],"predecessor-version":[{"id":20771,"href":"https:\/\/www.endless-hills.de\/index.php?rest_route=\/wp\/v2\/pages\/20583\/revisions\/20771"}],"up":[{"embeddable":true,"href":"https:\/\/www.endless-hills.de\/index.php?rest_route=\/wp\/v2\/pages\/4702"}],"wp:attachment":[{"href":"https:\/\/www.endless-hills.de\/index.php?rest_route=%2Fwp%2Fv2%2Fmedia&parent=20583"}],"curies":[{"name":"wp","href":"https:\/\/api.w.org\/{rel}","templated":true}]}}