{"id":20323,"date":"2020-06-09T08:31:00","date_gmt":"2020-06-09T07:31:00","guid":{"rendered":"http:\/\/www.endless-hills.de\/?page_id=20323"},"modified":"2020-06-13T11:10:38","modified_gmt":"2020-06-13T10:10:38","slug":"vibrant-desire","status":"publish","type":"page","link":"https:\/\/www.endless-hills.de\/?page_id=20323","title":{"rendered":"Vibrant Desire"},"content":{"rendered":"<p>blue merle R\u00fcde<\/p>\n<p>wundersch\u00f6ner R\u00fcde in blue merle, tolle Farbe und Zeichnung, perfekte Merlung. Ein absolut witziger und aufgeschlossener Welpe.<\/p>\n<p>MDR1 +\/-, DM N\/N, CEA genetisch Carrier, PRA, Hyperurikosurie und IPD N\/N by parentage<\/p>\nngg_shortcode_0_placeholder\n","protected":false},"excerpt":{"rendered":"<p>blue merle R\u00fcde wundersch\u00f6ner R\u00fcde in blue merle, tolle Farbe und Zeichnung, perfekte Merlung. Ein absolut witziger und aufgeschlossener Welpe. MDR1 +\/-, DM N\/N, CEA genetisch Carrier, PRA, Hyperurikosurie und IPD N\/N by parentage &#8220; order_by=&#8220;sortorder&#8220; order_direction=&#8220;ASC&#8220; returns=&#8220;included&#8220; maximum_entity_count=&#8220;500&#8243;]<\/p>\n","protected":false},"author":3,"featured_media":0,"parent":20316,"menu_order":3,"comment_status":"closed","ping_status":"closed","template":"","meta":{"ngg_post_thumbnail":0,"footnotes":""},"class_list":["post-20323","page","type-page","status-publish","hentry"],"_links":{"self":[{"href":"https:\/\/www.endless-hills.de\/index.php?rest_route=\/wp\/v2\/pages\/20323","targetHints":{"allow":["GET"]}}],"collection":[{"href":"https:\/\/www.endless-hills.de\/index.php?rest_route=\/wp\/v2\/pages"}],"about":[{"href":"https:\/\/www.endless-hills.de\/index.php?rest_route=\/wp\/v2\/types\/page"}],"author":[{"embeddable":true,"href":"https:\/\/www.endless-hills.de\/index.php?rest_route=\/wp\/v2\/users\/3"}],"replies":[{"embeddable":true,"href":"https:\/\/www.endless-hills.de\/index.php?rest_route=%2Fwp%2Fv2%2Fcomments&post=20323"}],"version-history":[{"count":2,"href":"https:\/\/www.endless-hills.de\/index.php?rest_route=\/wp\/v2\/pages\/20323\/revisions"}],"predecessor-version":[{"id":20440,"href":"https:\/\/www.endless-hills.de\/index.php?rest_route=\/wp\/v2\/pages\/20323\/revisions\/20440"}],"up":[{"embeddable":true,"href":"https:\/\/www.endless-hills.de\/index.php?rest_route=\/wp\/v2\/pages\/20316"}],"wp:attachment":[{"href":"https:\/\/www.endless-hills.de\/index.php?rest_route=%2Fwp%2Fv2%2Fmedia&parent=20323"}],"curies":[{"name":"wp","href":"https:\/\/api.w.org\/{rel}","templated":true}]}}