{"id":16979,"date":"2017-09-01T23:08:53","date_gmt":"2017-09-01T22:08:53","guid":{"rendered":"http:\/\/www.endless-hills.de\/?page_id=16979"},"modified":"2018-06-30T14:31:28","modified_gmt":"2018-06-30T13:31:28","slug":"sleeping-beauty","status":"publish","type":"page","link":"https:\/\/www.endless-hills.de\/?page_id=16979","title":{"rendered":"Sleeping Beauty"},"content":{"rendered":"<p>blue merle H\u00fcndin<\/p>\n<p>geboren am 29.08.2017 um 0.24 Uhr mit 295 g<\/p>\n<p>Ein weiterer Hoffnungstr\u00e4ger f\u00fcr die Zukunft \ud83d\ude42<\/p>\nngg_shortcode_0_placeholder\n","protected":false},"excerpt":{"rendered":"<p>blue merle H\u00fcndin geboren am 29.08.2017 um 0.24 Uhr mit 295 g Ein weiterer Hoffnungstr\u00e4ger f\u00fcr die Zukunft \ud83d\ude42 &#8220; order_by=&#8220;sortorder&#8220; order_direction=&#8220;ASC&#8220; returns=&#8220;included&#8220; maximum_entity_count=&#8220;500&#8243;]<\/p>\n","protected":false},"author":3,"featured_media":0,"parent":16968,"menu_order":4,"comment_status":"closed","ping_status":"closed","template":"","meta":{"ngg_post_thumbnail":0,"footnotes":""},"class_list":["post-16979","page","type-page","status-publish","hentry"],"_links":{"self":[{"href":"https:\/\/www.endless-hills.de\/index.php?rest_route=\/wp\/v2\/pages\/16979","targetHints":{"allow":["GET"]}}],"collection":[{"href":"https:\/\/www.endless-hills.de\/index.php?rest_route=\/wp\/v2\/pages"}],"about":[{"href":"https:\/\/www.endless-hills.de\/index.php?rest_route=\/wp\/v2\/types\/page"}],"author":[{"embeddable":true,"href":"https:\/\/www.endless-hills.de\/index.php?rest_route=\/wp\/v2\/users\/3"}],"replies":[{"embeddable":true,"href":"https:\/\/www.endless-hills.de\/index.php?rest_route=%2Fwp%2Fv2%2Fcomments&post=16979"}],"version-history":[{"count":5,"href":"https:\/\/www.endless-hills.de\/index.php?rest_route=\/wp\/v2\/pages\/16979\/revisions"}],"predecessor-version":[{"id":18900,"href":"https:\/\/www.endless-hills.de\/index.php?rest_route=\/wp\/v2\/pages\/16979\/revisions\/18900"}],"up":[{"embeddable":true,"href":"https:\/\/www.endless-hills.de\/index.php?rest_route=\/wp\/v2\/pages\/16968"}],"wp:attachment":[{"href":"https:\/\/www.endless-hills.de\/index.php?rest_route=%2Fwp%2Fv2%2Fmedia&parent=16979"}],"curies":[{"name":"wp","href":"https:\/\/api.w.org\/{rel}","templated":true}]}}