{"id":16971,"date":"2017-09-01T21:37:30","date_gmt":"2017-09-01T20:37:30","guid":{"rendered":"http:\/\/www.endless-hills.de\/?page_id=16971"},"modified":"2017-11-10T12:03:53","modified_gmt":"2017-11-10T11:03:53","slug":"snow-white","status":"publish","type":"page","link":"https:\/\/www.endless-hills.de\/?page_id=16971","title":{"rendered":"Snow White &#8211; vergeben"},"content":{"rendered":"<p>blue merle H\u00fcndin<\/p>\n<p>geboren um 19.58 Uhr mit 290g<\/p>\n<p>Sie ist die Erstgeborene und einfach zuckers\u00fc\u00df&nbsp;<\/p>\n<p>Sie wird in ihrer zuk\u00fcnftigen Familie Stella gerufen. Wir hoffen sie bei weiterhin guter Entwicklung eventuell mal im Showring zu sehen \ud83d\ude09 Sie lebt zusammen mit unserer Lizzy aus dem L-Wurf &lt;3<\/p>\nngg_shortcode_0_placeholder\n","protected":false},"excerpt":{"rendered":"<p>blue merle H\u00fcndin geboren um 19.58 Uhr mit 290g Sie ist die Erstgeborene und einfach zuckers\u00fc\u00df&nbsp; Sie wird in ihrer zuk\u00fcnftigen Familie Stella gerufen. Wir hoffen sie bei weiterhin guter Entwicklung eventuell mal im Showring zu sehen \ud83d\ude09 Sie lebt zusammen mit unserer Lizzy aus dem L-Wurf &lt;3 &#8220; order_by=&#8220;sortorder&#8220; order_direction=&#8220;ASC&#8220; returns=&#8220;included&#8220; maximum_entity_count=&#8220;500&#8243;]<\/p>\n","protected":false},"author":3,"featured_media":0,"parent":16968,"menu_order":1,"comment_status":"closed","ping_status":"closed","template":"","meta":{"ngg_post_thumbnail":0,"footnotes":""},"class_list":["post-16971","page","type-page","status-publish","hentry"],"_links":{"self":[{"href":"https:\/\/www.endless-hills.de\/index.php?rest_route=\/wp\/v2\/pages\/16971","targetHints":{"allow":["GET"]}}],"collection":[{"href":"https:\/\/www.endless-hills.de\/index.php?rest_route=\/wp\/v2\/pages"}],"about":[{"href":"https:\/\/www.endless-hills.de\/index.php?rest_route=\/wp\/v2\/types\/page"}],"author":[{"embeddable":true,"href":"https:\/\/www.endless-hills.de\/index.php?rest_route=\/wp\/v2\/users\/3"}],"replies":[{"embeddable":true,"href":"https:\/\/www.endless-hills.de\/index.php?rest_route=%2Fwp%2Fv2%2Fcomments&post=16971"}],"version-history":[{"count":7,"href":"https:\/\/www.endless-hills.de\/index.php?rest_route=\/wp\/v2\/pages\/16971\/revisions"}],"predecessor-version":[{"id":18580,"href":"https:\/\/www.endless-hills.de\/index.php?rest_route=\/wp\/v2\/pages\/16971\/revisions\/18580"}],"up":[{"embeddable":true,"href":"https:\/\/www.endless-hills.de\/index.php?rest_route=\/wp\/v2\/pages\/16968"}],"wp:attachment":[{"href":"https:\/\/www.endless-hills.de\/index.php?rest_route=%2Fwp%2Fv2%2Fmedia&parent=16971"}],"curies":[{"name":"wp","href":"https:\/\/api.w.org\/{rel}","templated":true}]}}