{"id":15574,"date":"2017-06-19T08:27:42","date_gmt":"2017-06-19T07:27:42","guid":{"rendered":"http:\/\/www.endless-hills.de\/?page_id=15574"},"modified":"2018-01-20T14:30:06","modified_gmt":"2018-01-20T13:30:06","slug":"q-wurf","status":"publish","type":"page","link":"https:\/\/www.endless-hills.de\/?page_id=15574","title":{"rendered":"Q-Wurf"},"content":{"rendered":"<h3 style=\"text-align: center;\">Wir haben zauberhafte endless hills Diamanten in goldsable, tricolour und darksable geboren am 10.Mai 2017<\/h3>\n<p style=\"text-align: center;\">2 sable white und 3 darksable R\u00fcden und nun noch 2 darksable H\u00fcndinnen, sowie eine tricolour H\u00fcndin<\/p>\n<p style=\"text-align: center;\">F\u00fcr einige unserer Diamanten suchen wir noch ein liebevolles zu Hause<\/p>\n<p style=\"text-align: center;\">Alle Welpen aus der Verpaarung werden MDR1 +\/+, DM frei, PRA N\/N genetisch frei sein und einige der Welpen eventuell CEA Carrier<\/p>\n<p style=\"text-align: center;\">Am 3. Tag haben wir den harten Kampf um eines unserer zuckers\u00fc\u00dfen M\u00e4dchen verloren. Wir sind am Boden zerst\u00f6rt ;( Jedoch bringen 8 mobile Babys uns Ablenkung und erfreuen unser Herz, so d\u00fcrfen wir nicht undankbar sein.<\/p>\n<p style=\"text-align: center;\"><img loading=\"lazy\" decoding=\"async\" class=\"aligncenter wp-image-14401\" src=\"http:\/\/www.endless-hills.de\/wp-content\/uploads\/2010\/09\/18405329_1380214068735163_1017160932_o-753x1024.jpg\" alt=\"18405329_1380214068735163_1017160932_o\" width=\"600\" height=\"815\" srcset=\"https:\/\/www.endless-hills.de\/wp-content\/uploads\/2010\/09\/18405329_1380214068735163_1017160932_o-753x1024.jpg 753w, https:\/\/www.endless-hills.de\/wp-content\/uploads\/2010\/09\/18405329_1380214068735163_1017160932_o-221x300.jpg 221w, https:\/\/www.endless-hills.de\/wp-content\/uploads\/2010\/09\/18405329_1380214068735163_1017160932_o-768x1044.jpg 768w, https:\/\/www.endless-hills.de\/wp-content\/uploads\/2010\/09\/18405329_1380214068735163_1017160932_o.jpg 1125w\" sizes=\"auto, (max-width: 600px) 100vw, 600px\" \/><\/p>\n<h4 style=\"text-align: center;\">Vielen herzlichen Dank liebe Andrea f\u00fcr die sch\u00f6ne Collage der beiden<\/h4>\n<h4 style=\"text-align: center;\"><span style=\"color: #0000ff;\">Yo Yo vom Obersten &#8211; Holz<\/span><\/h4>\n<p style=\"text-align: center;\">MDR1 +\/+, HD &#8211; A1, CEA\/PRA\/KAT frei puppy test<\/p>\n<p style=\"text-align: center;\">&amp;<\/p>\n<h4 style=\"text-align: center;\"><span style=\"color: #ff0000;\">Champion <\/span><\/h4>\n<h4 style=\"text-align: center;\"><span style=\"color: #ff0000;\">Patty Lady vom Br\u00fcggener &#8211; Land<\/span><\/h4>\n<p style=\"text-align: center;\">MDR1 +\/+, DM N\/N, PRA N\/N, CEA Carrier, HD &#8211; A1, CEA\/PRA\/KAT frei puppy test DOK<\/p>\n<p style=\"text-align: center;\">Pedigree &#8211; <a href=\"http:\/\/www.collie-online.com\/pedigree\/01-fc-pedigree-finder_virtualist_2.php?pid=58745&amp;Genre=all&amp;parent1=Yo%20Yo%20vom%20Obersten-Holz&amp;nom=Patty%20Lady%20vom%20Br\u00fcggener-Land&amp;classe=coloron\">click<\/a> &#8211;<\/p>\n","protected":false},"excerpt":{"rendered":"<p>Wir haben zauberhafte endless hills Diamanten in goldsable, tricolour und darksable geboren am 10.Mai 2017 2 sable white und 3 darksable R\u00fcden und nun noch 2 darksable H\u00fcndinnen, sowie eine tricolour H\u00fcndin F\u00fcr einige unserer Diamanten suchen wir noch ein liebevolles zu Hause Alle Welpen aus der Verpaarung werden MDR1 +\/+, DM frei, PRA N\/N [&hellip;]<\/p>\n","protected":false},"author":3,"featured_media":0,"parent":1539,"menu_order":17,"comment_status":"closed","ping_status":"closed","template":"","meta":{"ngg_post_thumbnail":0,"footnotes":""},"class_list":["post-15574","page","type-page","status-publish","hentry"],"_links":{"self":[{"href":"https:\/\/www.endless-hills.de\/index.php?rest_route=\/wp\/v2\/pages\/15574","targetHints":{"allow":["GET"]}}],"collection":[{"href":"https:\/\/www.endless-hills.de\/index.php?rest_route=\/wp\/v2\/pages"}],"about":[{"href":"https:\/\/www.endless-hills.de\/index.php?rest_route=\/wp\/v2\/types\/page"}],"author":[{"embeddable":true,"href":"https:\/\/www.endless-hills.de\/index.php?rest_route=\/wp\/v2\/users\/3"}],"replies":[{"embeddable":true,"href":"https:\/\/www.endless-hills.de\/index.php?rest_route=%2Fwp%2Fv2%2Fcomments&post=15574"}],"version-history":[{"count":3,"href":"https:\/\/www.endless-hills.de\/index.php?rest_route=\/wp\/v2\/pages\/15574\/revisions"}],"predecessor-version":[{"id":18635,"href":"https:\/\/www.endless-hills.de\/index.php?rest_route=\/wp\/v2\/pages\/15574\/revisions\/18635"}],"up":[{"embeddable":true,"href":"https:\/\/www.endless-hills.de\/index.php?rest_route=\/wp\/v2\/pages\/1539"}],"wp:attachment":[{"href":"https:\/\/www.endless-hills.de\/index.php?rest_route=%2Fwp%2Fv2%2Fmedia&parent=15574"}],"curies":[{"name":"wp","href":"https:\/\/api.w.org\/{rel}","templated":true}]}}