{"id":153,"date":"2010-01-19T10:44:27","date_gmt":"2010-01-19T09:44:27","guid":{"rendered":"http:\/\/www.nicollies.de\/?page_id=153"},"modified":"2025-12-17T12:14:09","modified_gmt":"2025-12-17T11:14:09","slug":"impressum","status":"publish","type":"page","link":"https:\/\/www.endless-hills.de\/?page_id=153","title":{"rendered":"Impressum"},"content":{"rendered":"<p><strong>Nicole Huptas<\/strong><\/p>\n<p>Coburger Stra\u00dfe 102<br \/>\n96479 Weitramsdorf<\/p>\n<p>Telefon:&nbsp;09561\/7318760<br \/>\nMobil: 0160\/90972729<\/p>\n<p>Email: <a href=\"mailto:info@collies-of-endless-hills.de\">info@endless-hills.de<\/a><br \/>\nWeb: <a href=\"http:\/\/www.endless-hills.de\">http:\/\/www.endless-hills.de<\/a><\/p>\n<h5>Haftungsausschluss<\/h5>\n<p>Alle Informationen auf dieser Website wurden nach bestem Wissen zusammengestellt. Ihre Nutzung geschieht auf eigene Gefahr. F\u00fcr Sch\u00e4den, welche aus ihrer Nutzung resultieren, \u00fcbernehme ich keine Haftung.<\/p>\n<p>Trotz sorgf\u00e4ltiger inhaltlicher Kontrolle \u00fcbernehme ich keine Haftung f\u00fcr die Inhalte externer Links. F\u00fcr den Inhalt der verlinkten Seiten sind ausschlie\u00dflich deren Betreiber verantwortlich. Webseiten, die gegen geltendes Recht versto\u00dfen oder die Rechte Dritter wie z.B. Urheber- oder Markenrechte verletzen, werden von mir nicht verlinkt. Da sich Inhalte nach dem Zeitpunt der Verlinkung ge\u00e4ndert haben k\u00f6nnen, bedeutet ein Link zu einer Seite mit rechtlichen Defiziten kein Einverst\u00e4ndis mit ihren Inhalten. Vielmehr werden Links, sobald ich Kenntis von deren Rechtsverletzung im oben genannten Sinne erhalte, sofort entfernt.<\/p>\n<h5>Urheberrechte<\/h5>\n<p>Alle Grafiken, Bilder, Texte, Quellcodes und sonstigen Daten im Umfang dieses Internet-Angebotes sind urheberrechtlich gesch\u00fctzt und sind, soweit nicht anders angegeben, Eigentum des Herausgebers. Die Vervielf\u00e4ltigung jeglicher Daten von diesem Internet-Angebot ohne vorherige Zustimmung des Herausgebers ist untersagt, dies gilt insbesondere f\u00fcr die Vervielf\u00e4ltigung sowie die Speicherung und Bearbeitung in elektronischen Medien.<\/p>\n","protected":false},"excerpt":{"rendered":"<p>Nicole Huptas Coburger Stra\u00dfe 102 96479 Weitramsdorf Telefon:&nbsp;09561\/7318760 Mobil: 0160\/90972729 Email: info@endless-hills.de Web: http:\/\/www.endless-hills.de Haftungsausschluss Alle Informationen auf dieser Website wurden nach bestem Wissen zusammengestellt. Ihre Nutzung geschieht auf eigene Gefahr. F\u00fcr Sch\u00e4den, welche aus ihrer Nutzung resultieren, \u00fcbernehme ich keine Haftung. Trotz sorgf\u00e4ltiger inhaltlicher Kontrolle \u00fcbernehme ich keine Haftung f\u00fcr die Inhalte externer Links. [&hellip;]<\/p>\n","protected":false},"author":3,"featured_media":0,"parent":168,"menu_order":1,"comment_status":"closed","ping_status":"closed","template":"","meta":{"ngg_post_thumbnail":0,"footnotes":""},"class_list":["post-153","page","type-page","status-publish","hentry"],"_links":{"self":[{"href":"https:\/\/www.endless-hills.de\/index.php?rest_route=\/wp\/v2\/pages\/153","targetHints":{"allow":["GET"]}}],"collection":[{"href":"https:\/\/www.endless-hills.de\/index.php?rest_route=\/wp\/v2\/pages"}],"about":[{"href":"https:\/\/www.endless-hills.de\/index.php?rest_route=\/wp\/v2\/types\/page"}],"author":[{"embeddable":true,"href":"https:\/\/www.endless-hills.de\/index.php?rest_route=\/wp\/v2\/users\/3"}],"replies":[{"embeddable":true,"href":"https:\/\/www.endless-hills.de\/index.php?rest_route=%2Fwp%2Fv2%2Fcomments&post=153"}],"version-history":[{"count":40,"href":"https:\/\/www.endless-hills.de\/index.php?rest_route=\/wp\/v2\/pages\/153\/revisions"}],"predecessor-version":[{"id":21389,"href":"https:\/\/www.endless-hills.de\/index.php?rest_route=\/wp\/v2\/pages\/153\/revisions\/21389"}],"up":[{"embeddable":true,"href":"https:\/\/www.endless-hills.de\/index.php?rest_route=\/wp\/v2\/pages\/168"}],"wp:attachment":[{"href":"https:\/\/www.endless-hills.de\/index.php?rest_route=%2Fwp%2Fv2%2Fmedia&parent=153"}],"curies":[{"name":"wp","href":"https:\/\/api.w.org\/{rel}","templated":true}]}}