{"id":15223,"date":"2017-06-09T20:15:08","date_gmt":"2017-06-09T19:15:08","guid":{"rendered":"http:\/\/www.endless-hills.de\/?page_id=15223"},"modified":"2017-08-03T13:22:19","modified_gmt":"2017-08-03T12:22:19","slug":"rolls-royce","status":"publish","type":"page","link":"https:\/\/www.endless-hills.de\/?page_id=15223","title":{"rendered":"Rolls Royce &#8211; vergeben"},"content":{"rendered":"<p>Goldsable R\u00fcde<\/p>\n<p>geboren am 09.06.2017 um 5.50 mit 355g<\/p>\n<p>MDR1 +\/+, DM N\/N, PRA N\/N, also genetisch frei<\/p>\n<p>Halskrause ganz breit wei\u00df, Nase wei\u00df, zwei braune Beine<\/p>\n<p>Royce ist auch ein wundersch\u00f6ner Vertreter seiner Rasse. Gro\u00df und kr\u00e4ftig und m\u00e4nnlich. Er ist ein aktiver Kerl, der besch\u00e4ftigt werden m\u00f6chte und mit dem man sicher jede Menge Bl\u00f6dsinn anstellen kann, wenn er einmal \u00e4lter ist.<\/p>\nngg_shortcode_0_placeholder\nngg_shortcode_1_placeholder\n","protected":false},"excerpt":{"rendered":"<p>Goldsable R\u00fcde geboren am 09.06.2017 um 5.50 mit 355g MDR1 +\/+, DM N\/N, PRA N\/N, also genetisch frei Halskrause ganz breit wei\u00df, Nase wei\u00df, zwei braune Beine Royce ist auch ein wundersch\u00f6ner Vertreter seiner Rasse. Gro\u00df und kr\u00e4ftig und m\u00e4nnlich. Er ist ein aktiver Kerl, der besch\u00e4ftigt werden m\u00f6chte und mit dem man sicher jede [&hellip;]<\/p>\n","protected":false},"author":3,"featured_media":0,"parent":15576,"menu_order":3,"comment_status":"closed","ping_status":"closed","template":"","meta":{"ngg_post_thumbnail":0,"footnotes":""},"class_list":["post-15223","page","type-page","status-publish","hentry"],"_links":{"self":[{"href":"https:\/\/www.endless-hills.de\/index.php?rest_route=\/wp\/v2\/pages\/15223","targetHints":{"allow":["GET"]}}],"collection":[{"href":"https:\/\/www.endless-hills.de\/index.php?rest_route=\/wp\/v2\/pages"}],"about":[{"href":"https:\/\/www.endless-hills.de\/index.php?rest_route=\/wp\/v2\/types\/page"}],"author":[{"embeddable":true,"href":"https:\/\/www.endless-hills.de\/index.php?rest_route=\/wp\/v2\/users\/3"}],"replies":[{"embeddable":true,"href":"https:\/\/www.endless-hills.de\/index.php?rest_route=%2Fwp%2Fv2%2Fcomments&post=15223"}],"version-history":[{"count":11,"href":"https:\/\/www.endless-hills.de\/index.php?rest_route=\/wp\/v2\/pages\/15223\/revisions"}],"predecessor-version":[{"id":16945,"href":"https:\/\/www.endless-hills.de\/index.php?rest_route=\/wp\/v2\/pages\/15223\/revisions\/16945"}],"up":[{"embeddable":true,"href":"https:\/\/www.endless-hills.de\/index.php?rest_route=\/wp\/v2\/pages\/15576"}],"wp:attachment":[{"href":"https:\/\/www.endless-hills.de\/index.php?rest_route=%2Fwp%2Fv2%2Fmedia&parent=15223"}],"curies":[{"name":"wp","href":"https:\/\/api.w.org\/{rel}","templated":true}]}}